{"id":17100,"date":"2023-12-07T13:28:50","date_gmt":"2023-12-07T06:28:50","guid":{"rendered":"https:\/\/wontechthietbispa.com\/?post_type=product&#038;p=17100"},"modified":"2024-08-28T11:23:55","modified_gmt":"2024-08-28T04:23:55","slug":"may-2in1-v6-plus","status":"publish","type":"product","link":"https:\/\/wontechthietbispa.com\/index.php\/product\/may-2in1-v6-plus\/","title":{"rendered":"M\u00c1Y 2IN1 V6 PLUS +"},"content":{"rendered":"<h2><strong>1.DPL 2in1, \u1ee9ng d\u1ee5ng c\u00f4ng ngh\u1ec7 \u0111i\u1ec1u tr\u1ecb hi\u1ec7n \u0111\u1ea1i.<\/strong><\/h2>\n<p>S\u1ea3n ph\u1ea9m\u00a0m\u00e1y tri\u1ec7t l\u00f4ng v\u00e0 laser 2in1\u00a0DPL n\u1ed5i tr\u1ed9i v\u1edbi c\u00f4ng ngh\u1ec7 \u1ee9ng d\u1ee5ng hi\u1ec7n \u0111\u1ea1i. Cho ph\u00e9p s\u1eed d\u1ee5ng c\u00f9ng l\u00fac 2 ch\u1ee9c n\u0103ng tr\u00ean 1 thi\u1ebft b\u1ecb, mang \u0111\u1ebfn hi\u1ec7u qu\u1ea3, c\u00f4ng su\u1ea5t cao. \u0110\u1ed3ng th\u1eddi ti\u1ebft ki\u1ec7m chi ph\u00ed \u0111\u1ea7u t\u01b0 m\u00e0 v\u1eabn mang \u0111\u1ebfn d\u1ecbch v\u1ee5 ch\u1ea5t l\u01b0\u1ee3ng, cao c\u1ea5p cho spa.<\/p>\n<h3><strong>\u1ee8ng d\u1ee5ng tri\u1ec7t l\u00f4ng b\u1eb1ng c\u00f4ng ngh\u1ec7 H\u00e0n Qu\u1ed1c DPL:<\/strong><\/h3>\n<p><em>Tay c\u1ea7m tri\u1ec7t l\u00f4ng c\u00f4ng ngh\u1ec7 DPL H\u00e0n Qu\u1ed1c<\/em><\/p>\n<ul>\n<li>C\u00f4ng ngh\u1ec7 tri\u1ec7t l\u00f4ng c\u00f4ng ngh\u1ec7 H\u00e0n Qu\u1ed1c DPL- vi\u1ebft t\u1eaft c\u1ee7a Dynamic Pulsed Light l\u00e0 s\u1ef1 k\u1ebft h\u1ee3p gi\u1eefa tia laser c\u00f9ng v\u1edbi \u00e1nh s\u00e1ng xung \u0111\u1ed9ng \u0111\u01b0\u1ee3c \u0111i\u1ec1u ch\u1ec9nh c\u00e1c b\u01b0\u1edbc s\u00f3ng ph\u00f9 h\u1ee3p \u0111\u1ec3 th\u1ef1c hi\u1ec7n tri\u1ec7t l\u00f4ng hi\u1ec7u qu\u1ea3. Mang \u0111\u1ebfn kh\u1ea3 n\u0103ng ti\u00eau di\u1ec7t t\u1eadn g\u1ed1c c\u1ea3 nh\u1eefng s\u1ee3i l\u00f4ng c\u1ee9ng \u0111\u1ea7u m\u00e0 kh\u00f4ng \u1ea3nh h\u01b0\u1edfng \u0111\u1ebfn da.<\/li>\n<li>C\u00f4ng ngh\u1ec7 tri\u1ec7t l\u00f4ng DPL h\u1ed9i t\u1ee5 nh\u1eefng y\u1ebfu t\u1ed1 th\u00f4ng minh gi\u00fap lo\u1ea1i b\u1ecf l\u00f4ng hi\u1ec7u qu\u1ea3 t\u1edbi 100%. K\u1ec3 c\u1ea3 nh\u1eefng s\u1ee3i l\u00f4ng t\u01a1, m\u1ecfng, nh\u1ea1t m\u00e0u \u1edf t\u1ea5t c\u1ea3 c\u00e1c v\u1ecb tr\u00ed tr\u00ean c\u01a1 th\u1ec3.<\/li>\n<\/ul>\n<p>Ngo\u00e0i hi\u1ec7u qu\u1ea3 th\u00ec \u0111i\u1ec3m \u01b0u vi\u1ec7t c\u1ee7a c\u00f4ng ngh\u1ec7 n\u00e0y l\u00e0 t\u00ednh n\u0103ng an to\u00e0n cao. Tri\u1ec7t l\u00f4ng nhanh, t\u1eadn g\u1ed1c m\u00e0 kh\u00f4ng l\u00e0m \u1ea3nh h\u01b0\u1edfng \u0111\u1ebfn l\u00e0n da hay s\u1ee9c kh\u1ecfe c\u1ee7a b\u1ea1n. Ph\u00f9 h\u1ee3p v\u1edbi m\u1ecdi lo\u1ea1i da, v\u00f9ng da c\u1ea7n lo\u1ea1i b\u1ecf l\u00f4ng tr\u00ean c\u01a1 th\u1ec3 nh\u01b0: Tay, ch\u00e2n, v\u00f9ng n\u00e1ch, v\u00f9ng k\u00edn, v\u00f9ng m\u1eb7t\u2026 D\u00e0nh cho c\u1ea3 kh\u00e1ch h\u00e0ng nam v\u00e0 n\u1eef.<\/p>\n<h3><strong>X\u00f3a x\u0103m, t\u00e0n nhang, c\u00e1c v\u1ea5n \u0111\u1ec1 kh\u00e1c v\u1ec1 da:<\/strong><\/h3>\n<p><em>Tay c\u1ea7m laser x\u00f3a x\u0103m, \u0111i\u1ec1u tr\u1ecb da<\/em><\/p>\n<ul>\n<li>Tr\u1ecb n\u00e1m, t\u00e0n nhang, \u0111\u1ed1m tu\u1ed5i, t\u00e0n nhang do \u00e1nh n\u1eafng m\u1eb7t tr\u1eddi: \u0110\u1ec3 chi\u1ebft xu\u1ea5t v\u00e0 ph\u00e2n h\u1ee7y nhi\u1ec1u s\u1eafc t\u1ed1 t\u1eeb \u0111\u1ed9 s\u00e2u c\u1ee7a da b\u1eb1ng c\u00e1ch t\u1eadn d\u1ee5ng IPL. V\u00e0 l\u1ea5y ch\u1ea5t th\u1ea3i c\u1ee7a s\u1eafc t\u1ed1 t\u1eeb Lymphatic b\u1eb1ng c\u00e1ch t\u1eadn d\u1ee5ng RF. M\u1ed9t s\u1ed1 ng\u01b0\u1eddi kh\u00e1c s\u1ebd \u0111\u01b0\u1ee3c b\u00e0i ti\u1ebft qua qu\u00e1 tr\u00ecnh trao \u0111\u1ed5i ch\u1ea5t c\u1ee7a da.<\/li>\n<li>Lo\u1ea1i b\u1ecf m\u1ea1ch m\u00e1u, ban \u0111\u1ecf, x\u00f3a h\u00ecnh x\u0103m, c\u00e1c mao m\u1ea1ch da c\u00f3 th\u1ec3 \u0111\u01b0\u1ee3c c\u1ee7ng c\u1ed1 b\u1eb1ng \u00e1nh s\u00e1ng c\u1ee7a DPL v\u00e0 RF c\u00f3 th\u1ec3 c\u1ea3i thi\u1ec7n ch\u1ee9c n\u0103ng IPL th\u00f4ng qua vi\u1ec7c kh\u00f3a t\u1ed5n th\u01b0\u01a1ng. Do \u0111\u00f3 m\u1ea1ch m\u00e1u s\u1ebd \u0111\u01b0\u1ee3c lo\u1ea1i b\u1ecf b\u1edfi Da v\u00e0 Lymph Chuy\u1ec3n h\u00f3a h\u1ec7 th\u1ed1ng. Sau khi \u0111i\u1ec1u tr\u1ecb, n\u1ebfu c\u00e1c m\u1ea1ch m\u00e1u d\u01b0\u1eddng nh\u01b0 r\u00f5 r\u00e0ng h\u01a1n v\u00e0 c\u00f3 m\u00e0u t\u00edm, \u0111i\u1ec1u \u0111\u00f3 cho th\u1ea5y ch\u00fang ta c\u00f3 \u0111\u01b0\u1ee3c ph\u01b0\u01a1ng ph\u00e1p \u0111i\u1ec1u tr\u1ecb hi\u1ec7u qu\u1ea3 t\u1ed1t nh\u1ea5t.<\/li>\n<\/ul>\n<h2><strong>2.\u01afu \u0111i\u1ec3m c\u1ee7a m\u00e1y tri\u1ec7t l\u00f4ng laser 2in1 DPL .<\/strong><\/h2>\n<p>&nbsp;<\/p>\n<p><em>Thi\u1ebft k\u1ebf \u0111\u01a1n gi\u1ea3n, sang tr\u1ecdng, ph\u00f9 h\u1ee3p v\u1edbi m\u1ecdi kh\u00f4ng gian l\u00e0m \u0111\u1eb9p<\/em><\/p>\n<ul>\n<li>S\u1ed1 xung b\u00f3ng l\u00ean t\u1edbi 1 tri\u1ec7u 500 ng\u00e0n shot.<\/li>\n<li>Bo c\u00f4ng su\u1ea5t 3000W.<\/li>\n<li>Giao di\u1ec7n th\u00f4ng minh v\u1edbi s\u1ef1 c\u1ea3i ti\u1ebfn v\u01b0\u1ee3t tr\u1ed9i.<\/li>\n<li>H\u1ec7 th\u1ed1ng l\u00e0m m\u00e1t b\u1eb1ng n\u01b0\u1edbc ti\u00ean ti\u1ebfn kh\u00f4ng g\u1ec9<\/li>\n<li>H\u1ec7 th\u1ed1ng qu\u1ea1t gi\u00f3 l\u1edbn ( 4 c\u00e1nh qu\u1ea1t) gi\u00fap th\u1eddi gian s\u1eed d\u1ee5ng m\u00e1y l\u00e2u h\u01a1n.<\/li>\n<li>M\u00e1y tri\u1ec7t l\u00f4ng x\u00f3a x\u0103m DPL KOREA c\u00f3 tay c\u1ea7m ti\u00ean ti\u1ebfn v\u1edbi \u0111\u1ed9 b\u1ec1n cao<\/li>\n<li>M\u00e1y t\u1ed1i \u01b0u ch\u1ee9c n\u0103ng (2in1) n\u00ean r\u1ea5t ti\u1ebft ki\u1ec7m chi ph\u00ed \u0111\u1ea7u t\u01b0.<\/li>\n<li>\u0110i\u1ec1u tr\u1ecb kh\u00f4ng x\u00e2m l\u1ea5n, kh\u00f4ng g\u00e2y v\u1ebft th\u01b0\u01a1ng ngo\u00e0i da.<\/li>\n<li>Tay c\u1ea7m \u0111i\u1ec1u tr\u1ecb cho ph\u00e9p b\u1eafn nhanh, li\u00ean t\u1ee5c gi\u00fap ti\u1ebft ki\u1ec7m th\u1eddi gian \u0111i\u1ec1u tr\u1ecb.<\/li>\n<li>\u00c1nh s\u00e1ng \u0111i\u1ec7n t\u1eed c\u00f3 th\u1ec3 tr\u00e1nh c\u00e1c t\u00e1c d\u1ee5ng ph\u1ee5 c\u1ee7a \u00e1nh s\u00e1ng ch\u00f3i hi\u1ec7u qu\u1ea3, \u0111\u1ed3ng th\u1eddi, c\u0169ng c\u00f3 th\u1ec3 l\u00e0m gi\u1ea3m \u0111\u1ed9 kh\u00f3 khi v\u1eadn h\u00e0nh.<\/li>\n<li>Cho ph\u00e9p s\u1eed d\u1ee5ng \u0111\u1ed3ng th\u1eddi 2 tay c\u1ea7m, t\u0103ng hi\u1ec7u su\u1ea5t l\u00e0m vi\u1ec7c.<\/li>\n<\/ul>\n<h2><strong>3.\u1ee8ng d\u1ee5ng \u0111i\u1ec1u tr\u1ecb c\u1ee7a m\u00e1y tri\u1ec7t l\u00f4ng v\u00e0 x\u00f3a x\u0103m laser DPL .<\/strong><\/h2>\n<p>M\u00e1y tri\u1ec7t l\u00f4ng v\u00e0 laser DPL 2in1 \u0111\u01b0\u1ee3c \u1ee9ng d\u1ee5ng ch\u1ee7 y\u1ebfu \u0111\u1ec3:<\/p>\n<ul>\n<li>Lo\u1ea1i b\u1ecf t\u00f3c kh\u00f4ng mong mu\u1ed1n v\u0129nh vi\u1ec5n kh\u1ecfi c\u00e1c khu v\u1ef1c kh\u00e1c nhau tr\u00ean c\u01a1 th\u1ec3 cho t\u1ea5t c\u1ea3 c\u00e1c lo\u1ea1i m\u00e0u t\u00f3c.<\/li>\n<li>Lo\u1ea1i b\u1ecf s\u1eafc t\u1ed1 bi\u1ec3u b\u00ec: \u0110\u1ed1m, \u0111\u1ed1m tu\u1ed5i, t\u00e0n nhang do \u00e1nh n\u1eafng m\u1eb7t tr\u1eddi, v\u1ebft b\u1edbt, ect.<\/li>\n<li>Lo\u1ea1i b\u1ecf c\u00e1c m\u1ea1ch m\u00e1u \u0111\u1ecf: Chai, ban \u0111\u1ecf, thay \u0111\u1ed5i chai m\u0169i.<\/li>\n<li>\u0110i\u1ec1u tr\u1ecb m\u1ee5n tr\u1ee9ng c\u00e1 v\u00e0 s\u1eb9o.<\/li>\n<li>Thu nh\u1ecf l\u1ed7 ch\u00e2n l\u00f4ng v\u00e0 n\u00e2ng c\u01a1 m\u1eb7t.<\/li>\n<li>Tr\u1ebb h\u00f3a da, gi\u1ea3m n\u1ebfp nh\u0103n s\u00e2u v\u00e0 ch\u1ed1ng l\u00e3o h\u00f3a.<\/li>\n<\/ul>\n<h2><strong>4.Th\u00f4ng s\u1ed1 k\u1ef9 thu\u1eadt c\u1ee7a thi\u1ebft b\u1ecb.<\/strong><\/h2>\n<p><em>M\u00e1y tri\u1ec7t l\u00f4ng v\u00e0 x\u00f3a x\u0103m DPL<\/em><\/p>\n<ul>\n<li>C\u00f4ng su\u1ea5t: 1200W.<\/li>\n<li>\u0110i\u1ec7n \u00e1p: 220AC.<\/li>\n<li>T\u1ea7n s\u1ed1: 50~60Hz.<\/li>\n<li>N\u0103ng l\u01b0\u1ee3ng: 10-50J\/ cm2.<\/li>\n<li>M\u00e0n h\u00ecnh: 10.4 inch.<\/li>\n<li>B\u01b0\u1edbc s\u00f3ng tri\u1ec7t l\u00f4ng: 690-950nm, 430\/530\/640 ~ 1200nm.<\/li>\n<li>\u0110\u1ea7u laser: 532nm, 1064nm v\u00e0 tr\u1ebb h\u00f3a da.<\/li>\n<\/ul>\n","protected":false},"excerpt":{"rendered":"<p><em>DPL l\u00e0 s\u1ea3n ph\u1ea9m <strong>m\u00e1y tri\u1ec7t l\u00f4ng<\/strong>\u00a0v\u00e0 laser 2in1 hi\u1ec7n \u0111\u1ea1i, thi\u1ebft k\u1ebf 2 tay c\u1ea7m. Cho ph\u00e9p ho\u1ea1t \u0111\u1ed9ng c\u00f9ng l\u00fac, t\u0103ng c\u00f4ng su\u1ea5t, gi\u1ea3m th\u1eddi gian \u0111i\u1ec1u tr\u1ecb v\u1edbi nhi\u1ec1u t\u00ednh n\u0103ng v\u01b0\u1ee3t tr\u1ed9i. Cho ph\u00e9p \u0111i\u1ec1u tr\u1ecb tri\u1ec7t l\u00f4ng v\u00e0 x\u00f3a x\u0103m b\u1eb1ng laser tr\u00ean c\u00f9ng m\u1ed9t thi\u1ebft b\u1ecb.<\/em><\/p>\n","protected":false},"featured_media":17101,"comment_status":"open","ping_status":"closed","template":"","meta":[],"product_cat":[81],"product_tag":[],"yoast_head":"<!-- This site is optimized with the Yoast SEO plugin v21.5 - https:\/\/yoast.com\/wordpress\/plugins\/seo\/ -->\n<title>M\u00c1Y 2IN1 V6 PLUS + - WONTECH THI\u1ebeT B\u1eca SPA<\/title>\n<meta name=\"robots\" content=\"index, follow, max-snippet:-1, max-image-preview:large, max-video-preview:-1\" \/>\n<link rel=\"canonical\" href=\"https:\/\/wontechthietbispa.com\/index.php\/product\/may-2in1-v6-plus\/\" \/>\n<meta property=\"og:locale\" content=\"en_US\" \/>\n<meta property=\"og:type\" content=\"article\" \/>\n<meta property=\"og:title\" content=\"M\u00c1Y 2IN1 V6 PLUS + - WONTECH THI\u1ebeT B\u1eca SPA\" \/>\n<meta property=\"og:description\" content=\"DPL l\u00e0 s\u1ea3n ph\u1ea9m m\u00e1y tri\u1ec7t l\u00f4ng\u00a0v\u00e0 laser 2in1 hi\u1ec7n \u0111\u1ea1i, thi\u1ebft k\u1ebf 2 tay c\u1ea7m. Cho ph\u00e9p ho\u1ea1t \u0111\u1ed9ng c\u00f9ng l\u00fac, t\u0103ng c\u00f4ng su\u1ea5t, gi\u1ea3m th\u1eddi gian \u0111i\u1ec1u tr\u1ecb v\u1edbi nhi\u1ec1u t\u00ednh n\u0103ng v\u01b0\u1ee3t tr\u1ed9i. Cho ph\u00e9p \u0111i\u1ec1u tr\u1ecb tri\u1ec7t l\u00f4ng v\u00e0 x\u00f3a x\u0103m b\u1eb1ng laser tr\u00ean c\u00f9ng m\u1ed9t thi\u1ebft b\u1ecb.\" \/>\n<meta property=\"og:url\" content=\"https:\/\/wontechthietbispa.com\/index.php\/product\/may-2in1-v6-plus\/\" \/>\n<meta property=\"og:site_name\" content=\"WONTECH THI\u1ebeT B\u1eca SPA\" \/>\n<meta property=\"article:modified_time\" content=\"2024-08-28T04:23:55+00:00\" \/>\n<meta property=\"og:image\" content=\"http:\/\/wontechthietbispa.com\/wp-content\/uploads\/2023\/12\/Untitled-1-11.png\" \/>\n\t<meta property=\"og:image:width\" content=\"700\" \/>\n\t<meta property=\"og:image:height\" content=\"800\" \/>\n\t<meta property=\"og:image:type\" content=\"image\/png\" \/>\n<meta name=\"twitter:card\" content=\"summary_large_image\" \/>\n<meta name=\"twitter:label1\" content=\"Est. reading time\" \/>\n\t<meta name=\"twitter:data1\" content=\"4 minutes\" \/>\n<script type=\"application\/ld+json\" class=\"yoast-schema-graph\">{\"@context\":\"https:\/\/schema.org\",\"@graph\":[{\"@type\":\"WebPage\",\"@id\":\"https:\/\/wontechthietbispa.com\/index.php\/product\/may-2in1-v6-plus\/\",\"url\":\"https:\/\/wontechthietbispa.com\/index.php\/product\/may-2in1-v6-plus\/\",\"name\":\"M\u00c1Y 2IN1 V6 PLUS + - WONTECH THI\u1ebeT B\u1eca SPA\",\"isPartOf\":{\"@id\":\"https:\/\/wontechthietbispa.com\/#website\"},\"datePublished\":\"2023-12-07T06:28:50+00:00\",\"dateModified\":\"2024-08-28T04:23:55+00:00\",\"breadcrumb\":{\"@id\":\"https:\/\/wontechthietbispa.com\/index.php\/product\/may-2in1-v6-plus\/#breadcrumb\"},\"inLanguage\":\"en-US\",\"potentialAction\":[{\"@type\":\"ReadAction\",\"target\":[\"https:\/\/wontechthietbispa.com\/index.php\/product\/may-2in1-v6-plus\/\"]}]},{\"@type\":\"BreadcrumbList\",\"@id\":\"https:\/\/wontechthietbispa.com\/index.php\/product\/may-2in1-v6-plus\/#breadcrumb\",\"itemListElement\":[{\"@type\":\"ListItem\",\"position\":1,\"name\":\"Home\",\"item\":\"https:\/\/wontechthietbispa.com\/\"},{\"@type\":\"ListItem\",\"position\":2,\"name\":\"Shop\",\"item\":\"https:\/\/wontechthietbispa.com\/index.php\/shop\/\"},{\"@type\":\"ListItem\",\"position\":3,\"name\":\"M\u00c1Y 2IN1 V6 PLUS +\"}]},{\"@type\":\"WebSite\",\"@id\":\"https:\/\/wontechthietbispa.com\/#website\",\"url\":\"https:\/\/wontechthietbispa.com\/\",\"name\":\"WONTECH THI\u1ebeT B\u1eca SPA\",\"description\":\"WONTECH THI\u1ebeT B\u1eca SPA\",\"potentialAction\":[{\"@type\":\"SearchAction\",\"target\":{\"@type\":\"EntryPoint\",\"urlTemplate\":\"https:\/\/wontechthietbispa.com\/?s={search_term_string}\"},\"query-input\":\"required name=search_term_string\"}],\"inLanguage\":\"en-US\"}]}<\/script>\n<!-- \/ Yoast SEO plugin. -->","yoast_head_json":{"title":"M\u00c1Y 2IN1 V6 PLUS + - WONTECH THI\u1ebeT B\u1eca SPA","robots":{"index":"index","follow":"follow","max-snippet":"max-snippet:-1","max-image-preview":"max-image-preview:large","max-video-preview":"max-video-preview:-1"},"canonical":"https:\/\/wontechthietbispa.com\/index.php\/product\/may-2in1-v6-plus\/","og_locale":"en_US","og_type":"article","og_title":"M\u00c1Y 2IN1 V6 PLUS + - WONTECH THI\u1ebeT B\u1eca SPA","og_description":"DPL l\u00e0 s\u1ea3n ph\u1ea9m m\u00e1y tri\u1ec7t l\u00f4ng\u00a0v\u00e0 laser 2in1 hi\u1ec7n \u0111\u1ea1i, thi\u1ebft k\u1ebf 2 tay c\u1ea7m. Cho ph\u00e9p ho\u1ea1t \u0111\u1ed9ng c\u00f9ng l\u00fac, t\u0103ng c\u00f4ng su\u1ea5t, gi\u1ea3m th\u1eddi gian \u0111i\u1ec1u tr\u1ecb v\u1edbi nhi\u1ec1u t\u00ednh n\u0103ng v\u01b0\u1ee3t tr\u1ed9i. Cho ph\u00e9p \u0111i\u1ec1u tr\u1ecb tri\u1ec7t l\u00f4ng v\u00e0 x\u00f3a x\u0103m b\u1eb1ng laser tr\u00ean c\u00f9ng m\u1ed9t thi\u1ebft b\u1ecb.","og_url":"https:\/\/wontechthietbispa.com\/index.php\/product\/may-2in1-v6-plus\/","og_site_name":"WONTECH THI\u1ebeT B\u1eca SPA","article_modified_time":"2024-08-28T04:23:55+00:00","og_image":[{"width":700,"height":800,"url":"http:\/\/wontechthietbispa.com\/wp-content\/uploads\/2023\/12\/Untitled-1-11.png","type":"image\/png"}],"twitter_card":"summary_large_image","twitter_misc":{"Est. reading time":"4 minutes"},"schema":{"@context":"https:\/\/schema.org","@graph":[{"@type":"WebPage","@id":"https:\/\/wontechthietbispa.com\/index.php\/product\/may-2in1-v6-plus\/","url":"https:\/\/wontechthietbispa.com\/index.php\/product\/may-2in1-v6-plus\/","name":"M\u00c1Y 2IN1 V6 PLUS + - WONTECH THI\u1ebeT B\u1eca SPA","isPartOf":{"@id":"https:\/\/wontechthietbispa.com\/#website"},"datePublished":"2023-12-07T06:28:50+00:00","dateModified":"2024-08-28T04:23:55+00:00","breadcrumb":{"@id":"https:\/\/wontechthietbispa.com\/index.php\/product\/may-2in1-v6-plus\/#breadcrumb"},"inLanguage":"en-US","potentialAction":[{"@type":"ReadAction","target":["https:\/\/wontechthietbispa.com\/index.php\/product\/may-2in1-v6-plus\/"]}]},{"@type":"BreadcrumbList","@id":"https:\/\/wontechthietbispa.com\/index.php\/product\/may-2in1-v6-plus\/#breadcrumb","itemListElement":[{"@type":"ListItem","position":1,"name":"Home","item":"https:\/\/wontechthietbispa.com\/"},{"@type":"ListItem","position":2,"name":"Shop","item":"https:\/\/wontechthietbispa.com\/index.php\/shop\/"},{"@type":"ListItem","position":3,"name":"M\u00c1Y 2IN1 V6 PLUS +"}]},{"@type":"WebSite","@id":"https:\/\/wontechthietbispa.com\/#website","url":"https:\/\/wontechthietbispa.com\/","name":"WONTECH THI\u1ebeT B\u1eca SPA","description":"WONTECH THI\u1ebeT B\u1eca SPA","potentialAction":[{"@type":"SearchAction","target":{"@type":"EntryPoint","urlTemplate":"https:\/\/wontechthietbispa.com\/?s={search_term_string}"},"query-input":"required name=search_term_string"}],"inLanguage":"en-US"}]}},"jetpack_sharing_enabled":true,"_links":{"self":[{"href":"https:\/\/wontechthietbispa.com\/index.php\/wp-json\/wp\/v2\/product\/17100"}],"collection":[{"href":"https:\/\/wontechthietbispa.com\/index.php\/wp-json\/wp\/v2\/product"}],"about":[{"href":"https:\/\/wontechthietbispa.com\/index.php\/wp-json\/wp\/v2\/types\/product"}],"replies":[{"embeddable":true,"href":"https:\/\/wontechthietbispa.com\/index.php\/wp-json\/wp\/v2\/comments?post=17100"}],"version-history":[{"count":1,"href":"https:\/\/wontechthietbispa.com\/index.php\/wp-json\/wp\/v2\/product\/17100\/revisions"}],"predecessor-version":[{"id":17102,"href":"https:\/\/wontechthietbispa.com\/index.php\/wp-json\/wp\/v2\/product\/17100\/revisions\/17102"}],"wp:featuredmedia":[{"embeddable":true,"href":"https:\/\/wontechthietbispa.com\/index.php\/wp-json\/wp\/v2\/media\/17101"}],"wp:attachment":[{"href":"https:\/\/wontechthietbispa.com\/index.php\/wp-json\/wp\/v2\/media?parent=17100"}],"wp:term":[{"taxonomy":"product_cat","embeddable":true,"href":"https:\/\/wontechthietbispa.com\/index.php\/wp-json\/wp\/v2\/product_cat?post=17100"},{"taxonomy":"product_tag","embeddable":true,"href":"https:\/\/wontechthietbispa.com\/index.php\/wp-json\/wp\/v2\/product_tag?post=17100"}],"curies":[{"name":"wp","href":"https:\/\/api.w.org\/{rel}","templated":true}]}}