{"id":16425,"date":"2023-12-01T16:29:00","date_gmt":"2023-12-01T09:29:00","guid":{"rendered":"https:\/\/wontechthietbispa.com\/?post_type=product&#038;p=16425"},"modified":"2024-08-28T14:20:51","modified_gmt":"2024-08-28T07:20:51","slug":"may-xoa-nhan-giam-beo-exilis","status":"publish","type":"product","link":"https:\/\/wontechthietbispa.com\/index.php\/product\/may-xoa-nhan-giam-beo-exilis\/","title":{"rendered":"GI\u1ea2M B\u00c9O EXILIS"},"content":{"rendered":"<ul>\n<li style=\"font-weight: 400;\" aria-level=\"1\"><strong>Th\u00f4ng tin s\u1ea3n ph\u1ea9m<\/strong>\n<p>C\u00f4ng ngh\u1ec7 Exilis \u2013 s\u1ea3n ph\u1ea9m cao c\u1ea5p c\u1ee7a T\u1eadp \u0111o\u00e0n h\u00e0ng \u0111\u1ea7u th\u1ebf gi\u1edbi BTL nh\u1eadn \u0111\u01b0\u1ee3c nhi\u1ec1u ph\u1ea3n h\u1ed3i t\u00edch c\u1ef1c t\u1eeb c\u00e1c chuy\u00ean gia v\u00e0 ng\u01b0\u1eddi s\u1eed d\u1ee5ng, \u0111\u01b0\u1ee3c \u0111\u00e1nh gi\u00e1 l\u00e0 b\u01b0\u1edbc \u0111\u1ed9t ph\u00e1 tr\u00ean c\u01a1 s\u1edf \u1ee9ng d\u1ee5ng c\u00f4ng ngh\u1ec7 cao trong \u0111i\u1ec1u tr\u1ecb gi\u1ea3m m\u1ee1 th\u1eeba nh\u1edd c\u00e1c \u0111i\u1ec3m kh\u00e1c bi\u1ec7t nh\u01b0:<\/p>\n<p><em>Tuy\u1ec7t \u0111\u1ed1i kh\u00f4ng c\u00f3 y\u1ebfu t\u1ed1 ph\u1eabu thu\u1eadt, x\u00e2m l\u1ea5n:\u00a0<\/em>Exilis l\u00e0 c\u00f4ng ngh\u1ec7 gi\u1ea3m b\u00e9o ho\u00e0n to\u00e0n kh\u00f4ng ph\u1eabu thu\u1eadt, kh\u00f4ng x\u00e2m l\u1ea5n. Ngay sau \u0111i\u1ec1u tr\u1ecb kh\u00e1ch h\u00e0ng v\u1eabn c\u00f3 th\u1ec3 \u0111i l\u00e0m hay th\u1ef1c hi\u1ec7n c\u00e1c ho\u1ea1t \u0111\u1ed9ng sinh ho\u1ea1t th\u01b0\u1eddng ng\u00e0y m\u00e0 ho\u00e0n to\u00e0n kh\u00f4ng ph\u1ea3i ngh\u1ec9 d\u01b0\u1ee1ng.<\/p>\n<p>N\u0103ng l\u01b0\u1ee3ng xung nh\u1ecbp ti\u00ean ti\u1ebfn nh\u1ea5t v\u1edbi t\u1ea7n s\u1ed1 (100 KHZ), t\u1ea1o ra n\u0103ng l\u01b0\u1ee3ng li\u00ean t\u1ee5c.<\/p>\n<p>Truy\u1ec1n n\u0103ng l\u01b0\u1ee3ng xung \u0111\u1ed3ng b\u1ed9 cho ph\u00e9p ki\u1ec3m so\u00e1t n\u0103ng l\u01b0\u1ee3ng nhi\u1ec7t ch\u00ednh x\u00e1c h\u01a1n.<\/p>\n<p><strong>C\u00f4ng d\u1ee5ng v\u00e0 l\u1ee3i \u00edch<\/strong><\/p>\n<p>Exilis c\u00f3 th\u1ec3 c\u1ea3i thi\u1ec7n n\u1ebfp nh\u0103n c\u1ee7a nhi\u1ec1u v\u00f9ng tr\u00ean c\u01a1 th\u1ec3 nh\u01b0: m\u1eaft, c\u1eb1m, h\u00e0m, c\u1ed5, b\u1ee5ng, l\u01b0ng, h\u00f4ng, \u0111\u00f9i.<\/p>\n<p><strong>1- L\u00e0m\u00a0c\u0103ng da gi\u1ea3m n\u1ebfp nh\u0103n.<\/strong><\/p>\n<p>Exilis cung c\u1ea5p n\u0103ng l\u01b0\u1ee3ng nhi\u1ec7t ch\u00ednh x\u00e1c \u0111\u1ebfn v\u00f9ng da n\u01a1i collagen \u0111\u01b0\u1ee3c t\u1ea1o ra, k\u00edch th\u00edch s\u1ef1 tr\u1ebb h\u00f3a t\u1ef1 nhi\u00ean c\u1ee7a da t\u1eeb trong ra ngo\u00e0i.\u00a0Trong m\u1ed9t l\u1ea7n \u0111i\u1ec1u tr\u1ecb duy nh\u1ea5t, da s\u1ebd c\u1ea3m th\u1ea5y c\u0103ng b\u00f3ng, tr\u00f4ng m\u01b0\u1ee3t m\u00e0 h\u01a1n v\u00e0 t\u0103ng c\u01b0\u1eddng s\u1ef1 t\u1ef1 tin.<\/p>\n<p><strong>2 &#8211;\u00a0Gi\u1ea3m b\u00e9o<\/strong><\/p>\n<p>Exilis \u00e1p d\u1ee5ng n\u0103ng l\u01b0\u1ee3ng t\u1ea7n s\u1ed1 v\u00f4 tuy\u1ebfn \u0111\u1ebfn chi\u1ec1u s\u00e2u 1,3cm v\u00e0 ph\u00e1 h\u1ee7y s\u1ef1 li\u00ean k\u1ebft c\u00e1c m\u00f4 m\u1ee1 \u0111\u00f3, trong khi v\u00f9ng da v\u00e0 m\u00f4 xung quanh kh\u00f4ng b\u1ecb t\u1ed5n th\u01b0\u01a1ng.<br \/>\nExilis l\u00e0 m\u1ed9t trong nh\u1eefng ph\u01b0\u01a1ng ph\u00e1p \u0111i\u1ec1u tr\u1ecb gi\u1ea3m b\u00e9o kh\u00f4ng x\u00e2m l\u1ea5n c\u00f3 kh\u1ea3 n\u0103ng nh\u00ecn th\u1ea5y trong v\u00f2ng v\u00e0i tu\u1ea7n.\u00a0H\u1ea7u h\u1ebft c\u00e1c lo\u1ea1i thu\u1ed1c kh\u00f4ng x\u00e2m l\u1ea5n kh\u00e1c \u0111i\u1ec1u tr\u1ecb \u0111\u00f2i h\u1ecfi ph\u1ea3i ch\u1edd \u0111\u1ee3i v\u00e0i th\u00e1ng tr\u01b0\u1edbc khi t\u1ebf b\u00e0o m\u1ee1 \u0111\u01b0\u1ee3c lo\u1ea1i b\u1ecf kh\u1ecfi c\u01a1 th\u1ec3.<\/p>\n<p><strong>3-\u00a0An to\u00e0n v\u00e0 hi\u1ec7u qu\u1ea3<\/strong><\/p>\n<p>\u0110\u01b0\u1ee3c s\u1ea3n xu\u1ea5t v\u00e0 th\u1eed nghi\u1ec7m b\u1edfi BTL Aesthetics, Inc., Exilis v\u1eeba an to\u00e0n v\u1eeba hi\u1ec7u qu\u1ea3 \u0111\u1ed1i v\u1edbi h\u1ea7u h\u1ebft nam gi\u1edbi v\u00e0 ph\u1ee5 n\u1eef, an to\u00e0n ngay c\u1ea3 khi \u0111\u01b0\u1ee3c \u0111i\u1ec1u tr\u1ecb sau khi sinh, Exilis \u0111\u00e3 tr\u1ea3i qua r\u1ea5t nghi\u00eam ng\u1eb7t c\u00e1c th\u1eed nghi\u1ec7m l\u00e2m s\u00e0ng \u0111\u1ec3 \u0111\u1ea3m b\u1ea3o n\u0103ng l\u01b0\u1ee3ng \u0111\u01b0\u1ee3c cung c\u1ea5p cho ra k\u1ebft qu\u1ea3 t\u1ed1t nh\u1ea5t.\u00a0Trong qu\u00e1 tr\u00ecnh \u0111i\u1ec1u tr\u1ecb, c\u1ea3m gi\u00e1c \u1ea5m b\u00ean trong da \u0111\u00e3 \u0111\u01b0\u1ee3c c\u1ea3m nh\u1eadn, trong khi b\u1ec1 m\u1eb7t da \u0111\u01b0\u1ee3c b\u1ea3o v\u1ec7 th\u00f4ng qua h\u1ec7 th\u1ed1ng l\u00e0m m\u00e1t b\u1eb1ng c\u00f4ng ngh\u1ec7 ti\u00ean ti\u1ebfn peltier g\u1eafn s\u1eb5n trong thi\u1ebft b\u1ecb Exilis t\u1ea1o cho kh\u00e1ch h\u00e0ng c\u1ea3m gi\u00e1c tho\u1ea3i m\u00e1i.<\/p>\n<p><strong>K\u1ebft qu\u1ea3 sau khi l\u00e0m<\/strong><\/p>\n<p><strong><img fetchpriority=\"high\" decoding=\"async\" title=\"M\u00e1y x\u00f3a nh\u0103n v\u00e0 gi\u1ea3m b\u00e9o Exilis\" src=\"https:\/\/i0.wp.com\/maythammycongnghecao.com\/upload\/data\/ket%20qua%20Exilis.jpg?resize=700%2C500&#038;ssl=1\" alt=\"ket qua Exilis.jpg (49 KB)\" width=\"700\" height=\"500\" data-recalc-dims=\"1\" \/><\/strong><\/p>\n<p>&nbsp;<\/p>\n<p><strong>Th\u00f4ng s\u1ed1 k\u1ef9 thu\u1eadt:<\/strong><\/p>\n<table border=\"1\" width=\"615\" cellspacing=\"0\" cellpadding=\"0\">\n<tbody>\n<tr>\n<td>T\u00ean s\u1ea3n ph\u1ea9m:<\/td>\n<td><em>M\u00e1y x\u00f3a nh\u0103n v\u00e0 gi\u1ea3m b\u00e9o Exilis<\/em><\/td>\n<\/tr>\n<tr>\n<td>Tay c\u1ea7m:<\/td>\n<td>1 tay c\u1ea7m cho Face<\/p>\n<p>1 tay c\u1ea7m cho body<\/td>\n<\/tr>\n<tr>\n<td>Hi\u1ec3n th\u1ecb:<\/td>\n<td>M\u00e0n h\u00ecnh c\u1ea3m \u1ee9ng m\u00e0u 8 inch<\/td>\n<\/tr>\n<tr>\n<td>Th\u00e2n m\u00e1y:<\/td>\n<td>Kim lo\u1ea1i<\/td>\n<\/tr>\n<tr>\n<td>Gi\u1edbi h\u1ea1n d\u00f9ng:<\/td>\n<td>Kh\u00f4ng gi\u1edbi h\u1ea1n<\/td>\n<\/tr>\n<tr>\n<td>K\u00edch th\u01b0\u1edbc:<\/td>\n<td>117 * 65 * 65cm<\/td>\n<\/tr>\n<tr>\n<td>\u0110i\u1ec7n \u00e1p:<\/td>\n<td>220V\/50-60Hz, Tay c\u1ea7m body 120W, Tay Face 90W<\/td>\n<\/tr>\n<\/tbody>\n<\/table>\n<\/li>\n<\/ul>\n","protected":false},"excerpt":{"rendered":"<p>H\u1ec7 th\u1ed1ng gi\u1ea3m b\u00e9o gi\u00fap mang \u0111\u1ebfn c\u1ea3m gi\u00e1c d\u1ec5 ch\u1ecbu, k\u00edch th\u00edch, ti\u1ebfp th\u00eam sinh l\u1ef1c cho to\u00e0n b\u1ed9 c\u01a1 th\u1ec3 \u0111\u1ed3ng th\u1eddi k\u00edch th\u00edch s\u1ea3n sinh collagen l\u00e0m \u0111\u1eb9p da, ch\u1ed1ng l\u1ea1i l\u00e3o h\u00f3a, mang l\u1ea1i cho b\u1ea1n tu\u1ed5i thanh xu\u00e2n l\u00e2u d\u00e0i v\u00e0 r\u1ea1ng r\u1ee1 m\u1ed7i ng\u00e0y.<\/p>\n","protected":false},"featured_media":15954,"comment_status":"open","ping_status":"closed","template":"","meta":[],"product_cat":[32],"product_tag":[],"yoast_head":"<!-- This site is optimized with the Yoast SEO plugin v21.5 - https:\/\/yoast.com\/wordpress\/plugins\/seo\/ -->\n<title>GI\u1ea2M B\u00c9O EXILIS - WONTECH THI\u1ebeT B\u1eca SPA<\/title>\n<meta name=\"robots\" content=\"index, follow, max-snippet:-1, max-image-preview:large, max-video-preview:-1\" \/>\n<link rel=\"canonical\" href=\"https:\/\/wontechthietbispa.com\/index.php\/product\/may-xoa-nhan-giam-beo-exilis\/\" \/>\n<meta property=\"og:locale\" content=\"en_US\" \/>\n<meta property=\"og:type\" content=\"article\" \/>\n<meta property=\"og:title\" content=\"GI\u1ea2M B\u00c9O EXILIS - WONTECH THI\u1ebeT B\u1eca SPA\" \/>\n<meta property=\"og:description\" content=\"H\u1ec7 th\u1ed1ng gi\u1ea3m b\u00e9o gi\u00fap mang \u0111\u1ebfn c\u1ea3m gi\u00e1c d\u1ec5 ch\u1ecbu, k\u00edch th\u00edch, ti\u1ebfp th\u00eam sinh l\u1ef1c cho to\u00e0n b\u1ed9 c\u01a1 th\u1ec3 \u0111\u1ed3ng th\u1eddi k\u00edch th\u00edch s\u1ea3n sinh collagen l\u00e0m \u0111\u1eb9p da, ch\u1ed1ng l\u1ea1i l\u00e3o h\u00f3a, mang l\u1ea1i cho b\u1ea1n tu\u1ed5i thanh xu\u00e2n l\u00e2u d\u00e0i v\u00e0 r\u1ea1ng r\u1ee1 m\u1ed7i ng\u00e0y.\" \/>\n<meta property=\"og:url\" content=\"https:\/\/wontechthietbispa.com\/index.php\/product\/may-xoa-nhan-giam-beo-exilis\/\" \/>\n<meta property=\"og:site_name\" content=\"WONTECH THI\u1ebeT B\u1eca SPA\" \/>\n<meta property=\"article:modified_time\" content=\"2024-08-28T07:20:51+00:00\" \/>\n<meta property=\"og:image\" content=\"http:\/\/wontechthietbispa.com\/wp-content\/uploads\/2023\/11\/Untitled-1-70.png\" \/>\n\t<meta property=\"og:image:width\" content=\"700\" \/>\n\t<meta property=\"og:image:height\" content=\"800\" \/>\n\t<meta property=\"og:image:type\" content=\"image\/png\" \/>\n<meta name=\"twitter:card\" content=\"summary_large_image\" \/>\n<meta name=\"twitter:label1\" content=\"Est. reading time\" \/>\n\t<meta name=\"twitter:data1\" content=\"3 minutes\" \/>\n<script type=\"application\/ld+json\" class=\"yoast-schema-graph\">{\"@context\":\"https:\/\/schema.org\",\"@graph\":[{\"@type\":\"WebPage\",\"@id\":\"https:\/\/wontechthietbispa.com\/index.php\/product\/may-xoa-nhan-giam-beo-exilis\/\",\"url\":\"https:\/\/wontechthietbispa.com\/index.php\/product\/may-xoa-nhan-giam-beo-exilis\/\",\"name\":\"GI\u1ea2M B\u00c9O EXILIS - WONTECH THI\u1ebeT B\u1eca SPA\",\"isPartOf\":{\"@id\":\"https:\/\/wontechthietbispa.com\/#website\"},\"datePublished\":\"2023-12-01T09:29:00+00:00\",\"dateModified\":\"2024-08-28T07:20:51+00:00\",\"breadcrumb\":{\"@id\":\"https:\/\/wontechthietbispa.com\/index.php\/product\/may-xoa-nhan-giam-beo-exilis\/#breadcrumb\"},\"inLanguage\":\"en-US\",\"potentialAction\":[{\"@type\":\"ReadAction\",\"target\":[\"https:\/\/wontechthietbispa.com\/index.php\/product\/may-xoa-nhan-giam-beo-exilis\/\"]}]},{\"@type\":\"BreadcrumbList\",\"@id\":\"https:\/\/wontechthietbispa.com\/index.php\/product\/may-xoa-nhan-giam-beo-exilis\/#breadcrumb\",\"itemListElement\":[{\"@type\":\"ListItem\",\"position\":1,\"name\":\"Home\",\"item\":\"https:\/\/wontechthietbispa.com\/\"},{\"@type\":\"ListItem\",\"position\":2,\"name\":\"Shop\",\"item\":\"https:\/\/wontechthietbispa.com\/index.php\/shop\/\"},{\"@type\":\"ListItem\",\"position\":3,\"name\":\"GI\u1ea2M B\u00c9O EXILIS\"}]},{\"@type\":\"WebSite\",\"@id\":\"https:\/\/wontechthietbispa.com\/#website\",\"url\":\"https:\/\/wontechthietbispa.com\/\",\"name\":\"WONTECH THI\u1ebeT B\u1eca SPA\",\"description\":\"WONTECH THI\u1ebeT B\u1eca SPA\",\"potentialAction\":[{\"@type\":\"SearchAction\",\"target\":{\"@type\":\"EntryPoint\",\"urlTemplate\":\"https:\/\/wontechthietbispa.com\/?s={search_term_string}\"},\"query-input\":\"required name=search_term_string\"}],\"inLanguage\":\"en-US\"}]}<\/script>\n<!-- \/ Yoast SEO plugin. -->","yoast_head_json":{"title":"GI\u1ea2M B\u00c9O EXILIS - WONTECH THI\u1ebeT B\u1eca SPA","robots":{"index":"index","follow":"follow","max-snippet":"max-snippet:-1","max-image-preview":"max-image-preview:large","max-video-preview":"max-video-preview:-1"},"canonical":"https:\/\/wontechthietbispa.com\/index.php\/product\/may-xoa-nhan-giam-beo-exilis\/","og_locale":"en_US","og_type":"article","og_title":"GI\u1ea2M B\u00c9O EXILIS - WONTECH THI\u1ebeT B\u1eca SPA","og_description":"H\u1ec7 th\u1ed1ng gi\u1ea3m b\u00e9o gi\u00fap mang \u0111\u1ebfn c\u1ea3m gi\u00e1c d\u1ec5 ch\u1ecbu, k\u00edch th\u00edch, ti\u1ebfp th\u00eam sinh l\u1ef1c cho to\u00e0n b\u1ed9 c\u01a1 th\u1ec3 \u0111\u1ed3ng th\u1eddi k\u00edch th\u00edch s\u1ea3n sinh collagen l\u00e0m \u0111\u1eb9p da, ch\u1ed1ng l\u1ea1i l\u00e3o h\u00f3a, mang l\u1ea1i cho b\u1ea1n tu\u1ed5i thanh xu\u00e2n l\u00e2u d\u00e0i v\u00e0 r\u1ea1ng r\u1ee1 m\u1ed7i ng\u00e0y.","og_url":"https:\/\/wontechthietbispa.com\/index.php\/product\/may-xoa-nhan-giam-beo-exilis\/","og_site_name":"WONTECH THI\u1ebeT B\u1eca SPA","article_modified_time":"2024-08-28T07:20:51+00:00","og_image":[{"width":700,"height":800,"url":"http:\/\/wontechthietbispa.com\/wp-content\/uploads\/2023\/11\/Untitled-1-70.png","type":"image\/png"}],"twitter_card":"summary_large_image","twitter_misc":{"Est. reading time":"3 minutes"},"schema":{"@context":"https:\/\/schema.org","@graph":[{"@type":"WebPage","@id":"https:\/\/wontechthietbispa.com\/index.php\/product\/may-xoa-nhan-giam-beo-exilis\/","url":"https:\/\/wontechthietbispa.com\/index.php\/product\/may-xoa-nhan-giam-beo-exilis\/","name":"GI\u1ea2M B\u00c9O EXILIS - WONTECH THI\u1ebeT B\u1eca SPA","isPartOf":{"@id":"https:\/\/wontechthietbispa.com\/#website"},"datePublished":"2023-12-01T09:29:00+00:00","dateModified":"2024-08-28T07:20:51+00:00","breadcrumb":{"@id":"https:\/\/wontechthietbispa.com\/index.php\/product\/may-xoa-nhan-giam-beo-exilis\/#breadcrumb"},"inLanguage":"en-US","potentialAction":[{"@type":"ReadAction","target":["https:\/\/wontechthietbispa.com\/index.php\/product\/may-xoa-nhan-giam-beo-exilis\/"]}]},{"@type":"BreadcrumbList","@id":"https:\/\/wontechthietbispa.com\/index.php\/product\/may-xoa-nhan-giam-beo-exilis\/#breadcrumb","itemListElement":[{"@type":"ListItem","position":1,"name":"Home","item":"https:\/\/wontechthietbispa.com\/"},{"@type":"ListItem","position":2,"name":"Shop","item":"https:\/\/wontechthietbispa.com\/index.php\/shop\/"},{"@type":"ListItem","position":3,"name":"GI\u1ea2M B\u00c9O EXILIS"}]},{"@type":"WebSite","@id":"https:\/\/wontechthietbispa.com\/#website","url":"https:\/\/wontechthietbispa.com\/","name":"WONTECH THI\u1ebeT B\u1eca SPA","description":"WONTECH THI\u1ebeT B\u1eca SPA","potentialAction":[{"@type":"SearchAction","target":{"@type":"EntryPoint","urlTemplate":"https:\/\/wontechthietbispa.com\/?s={search_term_string}"},"query-input":"required name=search_term_string"}],"inLanguage":"en-US"}]}},"jetpack_sharing_enabled":true,"_links":{"self":[{"href":"https:\/\/wontechthietbispa.com\/index.php\/wp-json\/wp\/v2\/product\/16425"}],"collection":[{"href":"https:\/\/wontechthietbispa.com\/index.php\/wp-json\/wp\/v2\/product"}],"about":[{"href":"https:\/\/wontechthietbispa.com\/index.php\/wp-json\/wp\/v2\/types\/product"}],"replies":[{"embeddable":true,"href":"https:\/\/wontechthietbispa.com\/index.php\/wp-json\/wp\/v2\/comments?post=16425"}],"version-history":[{"count":2,"href":"https:\/\/wontechthietbispa.com\/index.php\/wp-json\/wp\/v2\/product\/16425\/revisions"}],"predecessor-version":[{"id":17027,"href":"https:\/\/wontechthietbispa.com\/index.php\/wp-json\/wp\/v2\/product\/16425\/revisions\/17027"}],"wp:featuredmedia":[{"embeddable":true,"href":"https:\/\/wontechthietbispa.com\/index.php\/wp-json\/wp\/v2\/media\/15954"}],"wp:attachment":[{"href":"https:\/\/wontechthietbispa.com\/index.php\/wp-json\/wp\/v2\/media?parent=16425"}],"wp:term":[{"taxonomy":"product_cat","embeddable":true,"href":"https:\/\/wontechthietbispa.com\/index.php\/wp-json\/wp\/v2\/product_cat?post=16425"},{"taxonomy":"product_tag","embeddable":true,"href":"https:\/\/wontechthietbispa.com\/index.php\/wp-json\/wp\/v2\/product_tag?post=16425"}],"curies":[{"name":"wp","href":"https:\/\/api.w.org\/{rel}","templated":true}]}}