{"id":16365,"date":"2023-12-01T14:06:13","date_gmt":"2023-12-01T07:06:13","guid":{"rendered":"https:\/\/wontechthietbispa.com\/?post_type=product&#038;p=16365"},"modified":"2025-04-03T21:37:38","modified_gmt":"2025-04-03T14:37:38","slug":"triet-long-diode-laser-fqbeauty","status":"publish","type":"product","link":"https:\/\/wontechthietbispa.com\/index.php\/product\/triet-long-diode-laser-fqbeauty\/","title":{"rendered":"TRI\u1ec6T L\u00d4NG DIODE FQBEAUTY"},"content":{"rendered":"<p><strong>DIODE LASER <\/strong>l\u00e0 d\u00f2ng s\u1ea3n ph\u1ea9m tri\u1ec7t l\u00f4ng hi\u1ec7n \u0111\u1ea1i nh\u1ea5t, ti\u00ean ti\u1ebfn nh\u1ea5t trong c\u00e1c d\u00f2ng m\u00e1y tri\u1ec7t l\u00f4ng, tr\u1ebb h\u00f3a da. Thi\u1ebft b\u1ecb n\u00e0y gi\u1edbi thi\u1ec7u c\u00e1c c\u00f4ng ngh\u1ec7 ti\u00ean ti\u1ebfn nh\u1ea5t tr\u00ean th\u1ebf gi\u1edbi v\u1ec1 tri\u1ec7t l\u00f4ng, tr\u1ebb ho\u00e1 da.\u00a0 S\u1edf h\u1eefu nhi\u1ec1u \u01b0u \u0111i\u1ec3m n\u1ed5i b\u1eadt, gi\u00fap s\u1ea3n ph\u1ea9m n\u00e0y \u0111\u01b0\u1ee3c \u0111\u00e1nh gi\u00e1 r\u1ea5t cao b\u1edfi c\u00e1c ch\u1ee7 Spa, th\u1ea9m m\u1ef9 vi\u1ec7n.<\/p>\n<p>Ngo\u00e0i hi\u1ec7u qu\u1ea3 th\u1eadt s\u1ef1 t\u1ed1t v\u00e0 ch\u1ea5t l\u01b0\u1ee3ng b\u1ec1n b\u1ec9 cao, m\u00e1y c\u00f2n s\u1edf h\u1eefu ki\u1ec3u d\u00e1ng sang tr\u1ecdng r\u1ea5t ph\u00f9 h\u1ee3p v\u1edbi ng\u00e0nh th\u1ea9m m\u1ef9. S\u1ea3n ph\u1ea9m n\u00e0y c\u00f3 th\u1ec3 l\u00e0m vi\u1ec7c trong ba ch\u1ebf \u0111\u1ed9: Tri\u1ec7t l\u00f4ng truy\u1ec1n th\u1ed1ng, tri\u1ec7t l\u00f4ng si\u00eau t\u1ed1c, v\u00e0 tr\u1ebb ho\u00e1 da.<\/p>\n<h3><strong>Nh\u1eefng \u01b0u \u0111i\u1ec3m v\u01b0\u1ee3t tr\u1ed9i c\u1ee7a m\u00e1y tri\u1ec7t l\u00f4ng DIODE LASER\u00a0<\/strong><\/h3>\n<p>Ngay l\u1eadp t\u1ee9c l\u00e0n da tr\u1edf n\u00ean m\u1ecbn, tr\u1eafng s\u00e1ng do nh\u1eefng s\u1ee3i l\u00f4ng \u0111\u00e3 \u0111\u01b0\u1ee3c lo\u1ea1i b\u1ecf 100% trong l\u1ea7n \u0111i\u1ec1u tr\u1ecb \u0111\u1ea7u ti\u00ean.<br \/>\nTri\u1ec7t \u0111\u01b0\u1ee3c h\u1ea7u h\u1ebft c\u00e1c lo\u1ea1i l\u00f4ng tr\u00ean t\u1ea5t c\u1ea3 c\u00e1c v\u00f9ng da kh\u00e1c nhau<br \/>\nNg\u0103n ch\u1eb7n t\u00ecnh tr\u1ea1ng vi\u00eam nang l\u00f4ng v\u00e0 l\u00f4ng m\u1ecdc ng\u01b0\u1ee3c v\u00e0o trong g\u00e2y vi\u00eam da<br \/>\nL\u00e0m s\u00e1ng nh\u1eefng v\u00f9ng da b\u1ecb th\u00e2m \u0111en nh\u01b0 n\u00e1ch ho\u1eb7c bikini<br \/>\nKh\u00f4ng \u0111au, kh\u00f4ng n\u00f3ng r\u00e1t nh\u01b0 c\u00e1c h\u1ec7 th\u1ed1ng tri\u1ec7t l\u00f4ng g\u1ea7n \u0111\u00e2y.<\/p>\n<h3><strong>Nguy\u00ean l\u00fd ho\u1ea1t \u0111\u1ed9ng:<\/strong><\/h3>\n<p>C\u00e1c tia laser \u0111\u01b0\u1ee3c t\u1eadp trung n\u0103ng l\u01b0\u1ee3ng qua th\u1ea5u kinh quang h\u1ecdc \u0111\u00e1 sapphire \u0111i\u1ec1u tr\u1ecb c\u00e1c v\u00f9ng t\u1ed1i melanin, g\u00e2y c\u1ea3n tr\u1edf l\u00e0m suy ki\u1ec7t n\u0103ng l\u01b0\u1ee3ng d\u01b0\u1ee1ng ch\u1ea5t nu\u00f4i ch\u00e2n t\u00f3c t\u1eeb \u0111\u00f3 d\u1ec5 d\u00e0ng lo\u1ea1i b\u1ecf v\u00f9ng l\u00f4ng tr\u00ean c\u01a1 th\u1ec3 kh\u00f4ng c\u00f2n mong mu\u1ed1n<br \/>\nM\u00e1y tri\u1ec7t l\u00f4ng c\u00f4ng ngh\u1ec7 diode laser 808nm n\u0103ng l\u01b0\u1ee3ng \u0111i\u1ec1u tr\u1ecb nhanh v\u00e0 r\u00f5 r\u00e0ng h\u01a1n, h\u01a1n n\u1eefa, n\u00f3 c\u00f2n k\u1ebft h\u1ee3p th\u00eam c\u00f4ng ngh\u1ec7 b\u1eafn tr\u01b0\u1ee3t l\u00e0 do ngu\u1ed3n n\u0103ng l\u01b0\u1ee3ng t\u1eadp trung n\u0103ng l\u01b0\u1ee3ng cao v\u00e0 t\u1ea7n s\u1ed1 l\u1eadp xung t\u1eeb 1- 10 Hz, v\u00e0 n\u00f3 c\u00f2n c\u00f3 ngu\u1ed3n n\u0103ng l\u01b0\u1ee3ng r\u1ed9ng 250 ms \u2013 950 ms gi\u00fap \u0111i\u1ec1u tr\u1ecb c\u1ea3 v\u00f9ng da m\u00e0u nhi\u1ec1u s\u1eafc t\u1ed1 c\u0169ng nh\u01b0 gi\u00fap t\u00e1i c\u1ea5u tr\u00fac c\u00e1c l\u1edbp collagen sinh tr\u01b0\u1edfng v\u00e0 \u0111\u1ea7y l\u00ean gi\u00fap da tr\u1eafng m\u1ecbn v\u00e0 \u0111\u00e0n h\u1ed3i t\u1ed1t h\u01a1n.<\/p>\n<p>B\u01b0\u1edbc s\u00f3ng 808nm th\u1ea9m th\u1ea5u v\u00e0o s\u00e2u v\u00e0 h\u1ea5p th\u1ee5 b\u1edfi c\u00e1c m\u00f4 m\u1ee5c ti\u00eau m\u1ed9t c\u00e1ch c\u00f3 ch\u1ecdn l\u1ecdc.Th\u1eddi gian xung th\u00edch h\u1ee3p, m\u1eadt \u0111\u1ed9 n\u0103ng l\u01b0\u1ee3ng cao, l\u00e0m m\u00e1t bi\u1ec3u b\u00ec do \u0111\u00f3 b\u1ea3o \u0111\u1ea3m t\u00e1c \u0111\u1ed9ng nhi\u1ec7t v\u1eeba \u0111\u1ee7 \u0111\u1ec3n m\u00f4 \u0111\u00edch m\u00e0 kh\u00f4ng l\u00e0m h\u1ecfng c\u00e1c m\u00f4 xung quanh do \u0111\u00f3 \u0111\u1ea1t \u0111\u01b0\u1ee3c hi\u1ec7u qu\u1ea3 \u0111i\u1ec1u tr\u1ecb.<\/p>\n<p>M\u00e1y tri\u1ec7t l\u00f4ng c\u00f4ng ngh\u1ec7 diode laser l\u00e0 thi\u1ebft b\u1ecb \u0111i\u1ec1u tr\u1ecb c\u00f3 hi\u1ec7u qu\u1ea3 cao do n\u00f3 l\u00e0 c\u00f4ng ngh\u1ec7 diode laser b\u01b0\u1edbc s\u00f3ng 808nm m\u00e0 c\u00f2n gi\u00fap tr\u1ebb h\u00f3a da, ch\u1ed1ng l\u00e3o h\u00f3a, \u0111i\u1ec1u tr\u1ecb da m\u1ee5n, lo\u1ea1i b\u1ecf \u0111\u1ed1m s\u1eafc t\u1ed1 tr\u00ean da.Tri\u1ec7t l\u00f4ng c\u00f4ng ngh\u1ec7 diode laser 808nm t\u1ed1c \u0111\u1ed9 nhanh v\u00e0 th\u1eddi gian \u0111i\u1ec1u tr\u1ecb ng\u1eafn h\u01a1n so v\u1edbi c\u00f4ng ngh\u1ec7 IPL, E-light ho\u1eb7c c\u00f4ng ngh\u1ec7 tri\u1ec7t l\u00f4ng kh\u00e1c.<\/p>\n<h3><strong>Ch\u1ee9c n\u0103ng:<\/strong><\/h3>\n<p>\u0110i\u1ec1u tr\u1ecb s\u1eafc t\u1ed1: lo\u1ea1i b\u1ecf t\u00e0n nhang, chloasma, s\u1eafc t\u1ed1 do tu\u1ed5i t\u00e1c mang l\u1ea1i, da ch\u00e1y n\u1eafng, vi\u00eam da, lo\u1ea1i b\u1ecf t\u1ea5t c\u1ea3 c\u00e1c lo\u1ea1i \u0111\u1ed1m tr\u00ean da,..<br \/>\nTr\u1ebb h\u00f3a da: N\u00e2ng c\u01a1 m\u1eb7t, l\u00e0m m\u1ecbn v\u00e0 x\u00f3a n\u1ebfp nh\u0103n gi\u00fap da c\u0103ng b\u00f3ng m\u1ecbn, l\u00e0m tr\u1eafng s\u00e1ng to\u00e0n b\u1ed9 c\u01a1 th\u1ec3 v\u00e0 th\u1eaft ch\u1eb7n da gi\u00fap c\u0103ng da ch\u1ed1ng l\u00e3o h\u00f3a to\u00e0n b\u1ed9 da tr\u00ean c\u01a1 th\u1ec3<br \/>\nTri\u1ec7t l\u00f4ng : l\u00f4ng n\u00e1ch, ch\u00e2n t\u00f3c t\u01a1 kh\u00f4ng mong mu\u1ed1n, r\u00e2u, ria, ch\u00e2n m\u00e0y, ch\u00e2n \u0111u\u00f4i t\u00f3c mang tai (d\u1ea1ng r\u00e2u t\u00f3c quai n\u00f3n), l\u00f4ng v\u00f9ng k\u00edn hay b\u1eaft k\u1ef3 l\u00f4ng n\u00e0o kh\u00f4ng mong mu\u1ed1n kh\u00e1c<\/p>\n<p>\u0110\u00e2y l\u00e0 d\u00f2ng s\u1ea3n hi\u1ec7n \u0111\u1ea1i, ti\u00ean ti\u1ebfn nh\u1ea5t trong d\u00f2ng m\u00e1y tri\u1ec7t l\u00f4ng, tr\u1ebb ho\u00e1 da.<\/p>\n<p>Diode laser t\u1ea9y l\u00f4ng ph\u00f9 h\u1ee3p cho t\u1ea5t c\u1ea3 c\u00e1c lo\u1ea1i da<\/p>\n<p>Thi\u1ebft b\u1ecb n\u00e0y gi\u1edbi thi\u1ec7u c\u00e1c c\u00f4ng ngh\u1ec7 ti\u00ean ti\u1ebfn nh\u1ea5t tr\u00ean th\u1ebf gi\u1edbi v\u1ec1 tri\u1ec7t l\u00f4ng, tr\u1ebb ho\u00e1 da<\/p>\n<p>C\u00e1c th\u00e0nh ph\u1ea7n quan tr\u1ecdng v\u00e0 c\u00e1c b\u1ed9 ph\u1eadn ph\u1ee5 t\u00f9ng c\u1ee7a m\u00e1y \u0111\u01b0\u1ee3c nh\u1eadp kh\u1ea9u t\u1eeb c\u00e1c nh\u00e0 cung c\u1ea5p ch\u1ea5t l\u01b0\u1ee3ng cao \u1edf n\u01b0\u1edbc ngo\u00e0i\u00a0 \u0111\u1ec3 \u0111\u1ea3m b\u1ea3o \u0111\u1ed9 tin c\u1eady cao v\u00e0 k\u1ebft qu\u1ea3 th\u1ecfa m\u00e3n t\u1ea5t c\u1ea3 m\u1ecdi ng\u01b0\u1eddi<\/p>\n<p>Tu\u1ed5i th\u1ecd c\u1ee7a tay c\u1ea7m l\u00ean t\u1edbi 20 tri\u1ec7u xung.<\/p>\n<p>H\u1ec7 th\u1ed1ng t\u1ea9y l\u00f4ng c\u00f3 th\u1ec3 \u0111\u01b0\u1ee3c ho\u00e0n th\u00e0nh c\u01a1 th\u1ec3 \u0111i\u1ec1u tr\u1ecb t\u1ea9y l\u00f4ng to\u00e0n th\u00e2n trong v\u00f2ng m\u1ed9t gi\u1edd.<\/p>\n<p>S\u1ea3n ph\u1ea9m n\u00e0y c\u00f3 th\u1ec3 l\u00e0m vi\u1ec7c trong ba ch\u1ebf \u0111\u1ed9: Tri\u1ec7t l\u00f4ng truy\u1ec1n th\u1ed1ng, tri\u1ec7t l\u00f4ng si\u00eau t\u1ed1c, v\u00e0 tr\u1ebb ho\u00e1 da<\/p>\n<p>S\u1ea3n l\u01b0\u1ee3ng n\u0103ng l\u01b0\u1ee3ng cao \u0111\u1ea1t 120J\/cm2, 10Hz t\u1ed1i \u0111a.<\/p>\n<h2>Th\u00f4ng s\u1ed1 k\u0129 thu\u1eadt c\u1ee7a m\u00e1y tri\u1ec7t l\u00f4ng DIODE LASER :<\/h2>\n<table>\n<tbody>\n<tr>\n<td width=\"312\">\u2013 S\u1eed d\u1ee5ng \u0111i\u1ec7n \u00e1p<\/td>\n<td width=\"312\">\u00a0AC 220V\u00b110%\u300150Hz<\/td>\n<\/tr>\n<tr>\n<td width=\"312\">\u2013 B\u01b0\u1edbc s\u00f3ng<\/td>\n<td width=\"312\">\u00a0808nm.<\/td>\n<\/tr>\n<tr>\n<td width=\"312\">\u2013 K\u00edch th\u01b0\u1edbc \u0111i\u1ec3m<\/td>\n<td width=\"312\">\u00a012mm*22mm<\/td>\n<\/tr>\n<tr>\n<td width=\"312\">\u2013 Ch\u1ebf \u0111\u1ed9 ho\u1ea1t \u0111\u1ed9ng<\/td>\n<td width=\"312\">\u00a0tri\u1ec7t l\u00f4ng truy\u1ec1n th\u1ed1ng v\u00e0 tri\u1ec7t l\u00f4ng si\u00eau t\u1ed1c.<\/td>\n<\/tr>\n<tr>\n<td width=\"312\">\u2013 H\u1ec7 th\u1ed1ng l\u00e0m m\u00e1t<\/td>\n<td width=\"312\">\u00a0H\u1ec7 th\u1ed1ng l\u00e0m m\u00e1t b\u1eb1ng n\u01b0\u1edbc + l\u00e0m m\u00e1t kh\u00f4ng kh\u00ed + chip l\u00e0m m\u00e1t b\u1eb1ng laser Diode<\/td>\n<\/tr>\n<tr>\n<td width=\"312\">\u2013 Th\u1eddi gian l\u00e0m vi\u1ec7c<\/td>\n<td width=\"312\">\u00a0Li\u00ean t\u1ee5c<\/td>\n<\/tr>\n<tr>\n<td width=\"312\">\u2013 M\u00e0n h\u00ecnh<\/td>\n<td width=\"312\">\u00a08\u2033 c\u1ea3m \u1ee9ng LCD<\/td>\n<\/tr>\n<tr>\n<td width=\"312\">\u2013 C\u00f4ng su\u1ea5t laser<\/td>\n<td width=\"312\">\u00a01200W<\/td>\n<\/tr>\n<tr>\n<td width=\"312\">\u2013\u00a0Ngu\u1ed3n \u0111i\u1ec7n \u0111\u1ea7u v\u00e0o<\/td>\n<td width=\"312\">\u00a01600W<\/td>\n<\/tr>\n<tr>\n<td width=\"312\">\u2013\u00a0B\u1ed3n n\u01b0\u1edbc<\/td>\n<td width=\"312\">\u00a04l<\/td>\n<\/tr>\n<tr>\n<td width=\"312\">\u2013 K\u00edch th\u01b0\u1edbc v\u1ec7t s\u00e1ng<\/td>\n<td width=\"312\">\u00a010\u00d710 nm.<\/td>\n<\/tr>\n<tr>\n<td width=\"312\">\u2013 N\u0103ng l\u01b0\u1ee3ng \u0111\u1ea7u ra<\/td>\n<td width=\"312\">\u00a080J\/cm2 (HR), 20J\/cm2 (FHR).<\/td>\n<\/tr>\n<tr>\n<td width=\"312\">\u2013 Tr\u1ecdng l\u01b0\u1ee3ng<\/td>\n<td width=\"312\">\u00a045kg.<\/td>\n<\/tr>\n<tr>\n<td width=\"312\">\u2013 K\u00edch th\u01b0\u1edbc c\u1ee7a m\u00e1y<\/td>\n<td width=\"312\">\u00a0800x450x108mm.<\/td>\n<\/tr>\n<\/tbody>\n<\/table>\n<p>\u2013 M\u00e1y tri\u1ec7t l\u00f4ng DIODE LASER \u0111\u01b0\u1ee3c \u0111\u00e1nh gi\u00e1 r\u1ea5t cao tr\u00ean tr\u1ecb tr\u01b0\u1eddng l\u00e0m \u0111\u1eb9p ng\u00e0y nay, v\u00ec ngo\u00e0i hi\u1ec7u qu\u1ea3 th\u1eadt s\u1ef1 t\u1ed1t v\u00e0 ch\u1ea5t l\u01b0\u1ee3ng b\u1ec1n b\u1ec9 cao, m\u00e1y c\u00f2n c\u00f3 ki\u1ec3u d\u00e1ng sang tr\u1ecdng r\u1ea5t ph\u00f9 h\u1ee3p v\u1edbi ng\u00e0nh th\u1ea9m m\u1ef9 ch\u00fang ta.<\/p>\n","protected":false},"excerpt":{"rendered":"<p>M\u00e1y tri\u1ec7t l\u00f4ng DIODE LASER Ngay l\u1eadp t\u1ee9c l\u00e0n da tr\u1edf n\u00ean m\u1ecbn, tr\u1eafng s\u00e1ng do nh\u1eefng s\u1ee3i l\u00f4ng \u0111\u00e3 \u0111\u01b0\u1ee3c lo\u1ea1i b\u1ecf 100% trong l\u1ea7n \u0111i\u1ec1u tr\u1ecb \u0111\u1ea7u ti\u00ean. Tri\u1ec7t \u0111\u01b0\u1ee3c h\u1ea7u h\u1ebft c\u00e1c lo\u1ea1i l\u00f4ng tr\u00ean t\u1ea5t c\u1ea3 c\u00e1c v\u00f9ng da kh\u00e1c nhau, ng\u0103n ch\u1eb7n t\u00ecnh tr\u1ea1ng vi\u00eam nang l\u00f4ng v\u00e0 l\u00f4ng m\u1ecdc ng\u01b0\u1ee3c v\u00e0o trong g\u00e2y vi\u00eam da. L\u00e0m s\u00e1ng nh\u1eefng v\u00f9ng da b\u1ecb th\u00e2m \u0111en nh\u01b0 n\u00e1ch ho\u1eb7c bikini. Kh\u00f4ng \u0111au, kh\u00f4ng n\u00f3ng r\u00e1t nh\u01b0 c\u00e1c h\u1ec7 th\u1ed1ng tri\u1ec7t l\u00f4ng g\u1ea7n \u0111\u00e2y.<\/p>\n","protected":false},"featured_media":15990,"comment_status":"open","ping_status":"closed","template":"","meta":[],"product_cat":[80],"product_tag":[],"yoast_head":"<!-- This site is optimized with the Yoast SEO plugin v21.5 - https:\/\/yoast.com\/wordpress\/plugins\/seo\/ -->\n<title>TRI\u1ec6T L\u00d4NG DIODE FQBEAUTY - WONTECH THI\u1ebeT B\u1eca SPA<\/title>\n<meta name=\"robots\" content=\"index, follow, max-snippet:-1, max-image-preview:large, max-video-preview:-1\" \/>\n<link rel=\"canonical\" href=\"https:\/\/wontechthietbispa.com\/index.php\/product\/triet-long-diode-laser-fqbeauty\/\" \/>\n<meta property=\"og:locale\" content=\"en_US\" \/>\n<meta property=\"og:type\" content=\"article\" \/>\n<meta property=\"og:title\" content=\"TRI\u1ec6T L\u00d4NG DIODE FQBEAUTY - WONTECH THI\u1ebeT B\u1eca SPA\" \/>\n<meta property=\"og:description\" content=\"M\u00e1y tri\u1ec7t l\u00f4ng DIODE LASER Ngay l\u1eadp t\u1ee9c l\u00e0n da tr\u1edf n\u00ean m\u1ecbn, tr\u1eafng s\u00e1ng do nh\u1eefng s\u1ee3i l\u00f4ng \u0111\u00e3 \u0111\u01b0\u1ee3c lo\u1ea1i b\u1ecf 100% trong l\u1ea7n \u0111i\u1ec1u tr\u1ecb \u0111\u1ea7u ti\u00ean. Tri\u1ec7t \u0111\u01b0\u1ee3c h\u1ea7u h\u1ebft c\u00e1c lo\u1ea1i l\u00f4ng tr\u00ean t\u1ea5t c\u1ea3 c\u00e1c v\u00f9ng da kh\u00e1c nhau, ng\u0103n ch\u1eb7n t\u00ecnh tr\u1ea1ng vi\u00eam nang l\u00f4ng v\u00e0 l\u00f4ng m\u1ecdc ng\u01b0\u1ee3c v\u00e0o trong g\u00e2y vi\u00eam da. L\u00e0m s\u00e1ng nh\u1eefng v\u00f9ng da b\u1ecb th\u00e2m \u0111en nh\u01b0 n\u00e1ch ho\u1eb7c bikini. Kh\u00f4ng \u0111au, kh\u00f4ng n\u00f3ng r\u00e1t nh\u01b0 c\u00e1c h\u1ec7 th\u1ed1ng tri\u1ec7t l\u00f4ng g\u1ea7n \u0111\u00e2y.\" \/>\n<meta property=\"og:url\" content=\"https:\/\/wontechthietbispa.com\/index.php\/product\/triet-long-diode-laser-fqbeauty\/\" \/>\n<meta property=\"og:site_name\" content=\"WONTECH THI\u1ebeT B\u1eca SPA\" \/>\n<meta property=\"article:modified_time\" content=\"2025-04-03T14:37:38+00:00\" \/>\n<meta property=\"og:image\" content=\"http:\/\/wontechthietbispa.com\/wp-content\/uploads\/2023\/11\/Untitled-1-106.png\" \/>\n\t<meta property=\"og:image:width\" content=\"700\" \/>\n\t<meta property=\"og:image:height\" content=\"800\" \/>\n\t<meta property=\"og:image:type\" content=\"image\/png\" \/>\n<meta name=\"twitter:card\" content=\"summary_large_image\" \/>\n<meta name=\"twitter:label1\" content=\"Est. reading time\" \/>\n\t<meta name=\"twitter:data1\" content=\"4 minutes\" \/>\n<script type=\"application\/ld+json\" class=\"yoast-schema-graph\">{\"@context\":\"https:\/\/schema.org\",\"@graph\":[{\"@type\":\"WebPage\",\"@id\":\"https:\/\/wontechthietbispa.com\/index.php\/product\/triet-long-diode-laser-fqbeauty\/\",\"url\":\"https:\/\/wontechthietbispa.com\/index.php\/product\/triet-long-diode-laser-fqbeauty\/\",\"name\":\"TRI\u1ec6T L\u00d4NG DIODE FQBEAUTY - WONTECH THI\u1ebeT B\u1eca SPA\",\"isPartOf\":{\"@id\":\"https:\/\/wontechthietbispa.com\/#website\"},\"datePublished\":\"2023-12-01T07:06:13+00:00\",\"dateModified\":\"2025-04-03T14:37:38+00:00\",\"breadcrumb\":{\"@id\":\"https:\/\/wontechthietbispa.com\/index.php\/product\/triet-long-diode-laser-fqbeauty\/#breadcrumb\"},\"inLanguage\":\"en-US\",\"potentialAction\":[{\"@type\":\"ReadAction\",\"target\":[\"https:\/\/wontechthietbispa.com\/index.php\/product\/triet-long-diode-laser-fqbeauty\/\"]}]},{\"@type\":\"BreadcrumbList\",\"@id\":\"https:\/\/wontechthietbispa.com\/index.php\/product\/triet-long-diode-laser-fqbeauty\/#breadcrumb\",\"itemListElement\":[{\"@type\":\"ListItem\",\"position\":1,\"name\":\"Home\",\"item\":\"https:\/\/wontechthietbispa.com\/\"},{\"@type\":\"ListItem\",\"position\":2,\"name\":\"Shop\",\"item\":\"https:\/\/wontechthietbispa.com\/index.php\/shop\/\"},{\"@type\":\"ListItem\",\"position\":3,\"name\":\"TRI\u1ec6T L\u00d4NG DIODE FQBEAUTY\"}]},{\"@type\":\"WebSite\",\"@id\":\"https:\/\/wontechthietbispa.com\/#website\",\"url\":\"https:\/\/wontechthietbispa.com\/\",\"name\":\"WONTECH THI\u1ebeT B\u1eca SPA\",\"description\":\"WONTECH THI\u1ebeT B\u1eca SPA\",\"potentialAction\":[{\"@type\":\"SearchAction\",\"target\":{\"@type\":\"EntryPoint\",\"urlTemplate\":\"https:\/\/wontechthietbispa.com\/?s={search_term_string}\"},\"query-input\":\"required name=search_term_string\"}],\"inLanguage\":\"en-US\"}]}<\/script>\n<!-- \/ Yoast SEO plugin. -->","yoast_head_json":{"title":"TRI\u1ec6T L\u00d4NG DIODE FQBEAUTY - WONTECH THI\u1ebeT B\u1eca SPA","robots":{"index":"index","follow":"follow","max-snippet":"max-snippet:-1","max-image-preview":"max-image-preview:large","max-video-preview":"max-video-preview:-1"},"canonical":"https:\/\/wontechthietbispa.com\/index.php\/product\/triet-long-diode-laser-fqbeauty\/","og_locale":"en_US","og_type":"article","og_title":"TRI\u1ec6T L\u00d4NG DIODE FQBEAUTY - WONTECH THI\u1ebeT B\u1eca SPA","og_description":"M\u00e1y tri\u1ec7t l\u00f4ng DIODE LASER Ngay l\u1eadp t\u1ee9c l\u00e0n da tr\u1edf n\u00ean m\u1ecbn, tr\u1eafng s\u00e1ng do nh\u1eefng s\u1ee3i l\u00f4ng \u0111\u00e3 \u0111\u01b0\u1ee3c lo\u1ea1i b\u1ecf 100% trong l\u1ea7n \u0111i\u1ec1u tr\u1ecb \u0111\u1ea7u ti\u00ean. Tri\u1ec7t \u0111\u01b0\u1ee3c h\u1ea7u h\u1ebft c\u00e1c lo\u1ea1i l\u00f4ng tr\u00ean t\u1ea5t c\u1ea3 c\u00e1c v\u00f9ng da kh\u00e1c nhau, ng\u0103n ch\u1eb7n t\u00ecnh tr\u1ea1ng vi\u00eam nang l\u00f4ng v\u00e0 l\u00f4ng m\u1ecdc ng\u01b0\u1ee3c v\u00e0o trong g\u00e2y vi\u00eam da. L\u00e0m s\u00e1ng nh\u1eefng v\u00f9ng da b\u1ecb th\u00e2m \u0111en nh\u01b0 n\u00e1ch ho\u1eb7c bikini. Kh\u00f4ng \u0111au, kh\u00f4ng n\u00f3ng r\u00e1t nh\u01b0 c\u00e1c h\u1ec7 th\u1ed1ng tri\u1ec7t l\u00f4ng g\u1ea7n \u0111\u00e2y.","og_url":"https:\/\/wontechthietbispa.com\/index.php\/product\/triet-long-diode-laser-fqbeauty\/","og_site_name":"WONTECH THI\u1ebeT B\u1eca SPA","article_modified_time":"2025-04-03T14:37:38+00:00","og_image":[{"width":700,"height":800,"url":"http:\/\/wontechthietbispa.com\/wp-content\/uploads\/2023\/11\/Untitled-1-106.png","type":"image\/png"}],"twitter_card":"summary_large_image","twitter_misc":{"Est. reading time":"4 minutes"},"schema":{"@context":"https:\/\/schema.org","@graph":[{"@type":"WebPage","@id":"https:\/\/wontechthietbispa.com\/index.php\/product\/triet-long-diode-laser-fqbeauty\/","url":"https:\/\/wontechthietbispa.com\/index.php\/product\/triet-long-diode-laser-fqbeauty\/","name":"TRI\u1ec6T L\u00d4NG DIODE FQBEAUTY - WONTECH THI\u1ebeT B\u1eca SPA","isPartOf":{"@id":"https:\/\/wontechthietbispa.com\/#website"},"datePublished":"2023-12-01T07:06:13+00:00","dateModified":"2025-04-03T14:37:38+00:00","breadcrumb":{"@id":"https:\/\/wontechthietbispa.com\/index.php\/product\/triet-long-diode-laser-fqbeauty\/#breadcrumb"},"inLanguage":"en-US","potentialAction":[{"@type":"ReadAction","target":["https:\/\/wontechthietbispa.com\/index.php\/product\/triet-long-diode-laser-fqbeauty\/"]}]},{"@type":"BreadcrumbList","@id":"https:\/\/wontechthietbispa.com\/index.php\/product\/triet-long-diode-laser-fqbeauty\/#breadcrumb","itemListElement":[{"@type":"ListItem","position":1,"name":"Home","item":"https:\/\/wontechthietbispa.com\/"},{"@type":"ListItem","position":2,"name":"Shop","item":"https:\/\/wontechthietbispa.com\/index.php\/shop\/"},{"@type":"ListItem","position":3,"name":"TRI\u1ec6T L\u00d4NG DIODE FQBEAUTY"}]},{"@type":"WebSite","@id":"https:\/\/wontechthietbispa.com\/#website","url":"https:\/\/wontechthietbispa.com\/","name":"WONTECH THI\u1ebeT B\u1eca SPA","description":"WONTECH THI\u1ebeT B\u1eca SPA","potentialAction":[{"@type":"SearchAction","target":{"@type":"EntryPoint","urlTemplate":"https:\/\/wontechthietbispa.com\/?s={search_term_string}"},"query-input":"required name=search_term_string"}],"inLanguage":"en-US"}]}},"jetpack_sharing_enabled":true,"_links":{"self":[{"href":"https:\/\/wontechthietbispa.com\/index.php\/wp-json\/wp\/v2\/product\/16365"}],"collection":[{"href":"https:\/\/wontechthietbispa.com\/index.php\/wp-json\/wp\/v2\/product"}],"about":[{"href":"https:\/\/wontechthietbispa.com\/index.php\/wp-json\/wp\/v2\/types\/product"}],"replies":[{"embeddable":true,"href":"https:\/\/wontechthietbispa.com\/index.php\/wp-json\/wp\/v2\/comments?post=16365"}],"version-history":[{"count":2,"href":"https:\/\/wontechthietbispa.com\/index.php\/wp-json\/wp\/v2\/product\/16365\/revisions"}],"predecessor-version":[{"id":17041,"href":"https:\/\/wontechthietbispa.com\/index.php\/wp-json\/wp\/v2\/product\/16365\/revisions\/17041"}],"wp:featuredmedia":[{"embeddable":true,"href":"https:\/\/wontechthietbispa.com\/index.php\/wp-json\/wp\/v2\/media\/15990"}],"wp:attachment":[{"href":"https:\/\/wontechthietbispa.com\/index.php\/wp-json\/wp\/v2\/media?parent=16365"}],"wp:term":[{"taxonomy":"product_cat","embeddable":true,"href":"https:\/\/wontechthietbispa.com\/index.php\/wp-json\/wp\/v2\/product_cat?post=16365"},{"taxonomy":"product_tag","embeddable":true,"href":"https:\/\/wontechthietbispa.com\/index.php\/wp-json\/wp\/v2\/product_tag?post=16365"}],"curies":[{"name":"wp","href":"https:\/\/api.w.org\/{rel}","templated":true}]}}