{"id":16274,"date":"2023-12-01T11:27:16","date_gmt":"2023-12-01T04:27:16","guid":{"rendered":"https:\/\/wontechthietbispa.com\/?post_type=product&#038;p=16274"},"modified":"2025-04-03T09:33:21","modified_gmt":"2025-04-03T02:33:21","slug":"may-laser-co2-taibo","status":"publish","type":"product","link":"https:\/\/wontechthietbispa.com\/index.php\/product\/may-laser-co2-taibo\/","title":{"rendered":"M\u00c1Y LASER CO2 TAIBO"},"content":{"rendered":"<p><i><span style=\"font-weight: 400;\">M\u00e1y LASER CO2 FRACTIONAL \u00a0 \u0110i\u1ec1u tr\u1ecb da s\u1ea7n s\u00f9i v\u1ecf cam, r\u1ea1n da, da r\u1ed7, da nhi\u1ec1u khuy\u1ebft \u0111i\u1ec3m, kh\u00f4ng \u0111\u1ec1u m\u00e0u..<\/span><\/i><\/p>\n<p><i><span style=\"font-weight: 400;\">\u2013 C\u1eaft \u0111\u1ed1t m\u1ee5n ru\u1ed3i, m\u1ee5n th\u1ecbt, m\u1ee5n c\u01a1m, m\u1ee5n d\u1eb9\u2026<\/span><\/i><\/p>\n<p><i><span style=\"font-weight: 400;\">\u2013 Tr\u1ebb h\u00f3a thu nh\u1ecf \u00e2m \u0111\u1ea1o, gi\u1ea3m c\u00e1c b\u1ec7nh l\u00fd ph\u1ee5 khoa\u2026<\/span><\/i><\/p>\n<p><i><span style=\"font-weight: 400;\">\u2013 M\u00e1y M\u00e1y LASER CO2 FRACTIONAL \u00a0 s\u1eed d\u1ee5ng C\u00f4ng ngh\u1ec7: laser si\u00eau xung, 3D, 4D, Twinlight, chuy\u00ean d\u00f9ng cho da v\u00f9ng m\u1eb7t, body, tr\u1ebb ho\u00e1 v\u00e0 th\u1eaft ch\u1eb7t da \u00e2m \u0111\u1ea1o<\/span><\/i><\/p>\n<p><i><span style=\"font-weight: 400;\">\u2013 Hi\u1ec7u qu\u1ea3: tr\u1ecb s\u1eb9o v\u1ebft th\u01b0\u01a1ng, s\u1eb9o m\u1ee5n, tr\u1ecb m\u1ee5n tr\u1ee9ng c\u00e1, l\u00e0m kh\u00f4 nh\u00e2n m\u1ee5n, \u0111\u1ed1t n\u1ed1t ru\u1ed3i, t\u0103ng sinh collagen, xo\u00e1 nh\u0103n, l\u00e0m m\u1ecbn, tr\u1ebb ho\u00e1, th\u1eaft ch\u1eb7t v\u00e0 tr\u1ebb ho\u00e1 l\u00e0m h\u1ed3ng da \u00e2m \u0111\u1ea1o<\/span><\/i><\/p>\n<p><i><span style=\"font-weight: 400;\">\u2013 K\u00eat h\u1ee3p: HA, t\u1ebf b\u00e0o g\u1ed1c \u0111\u1ecf, huy\u1ebft thanh r\u1ed3ng kh\u00e1ng vi\u00eam l\u00e0m l\u00e0nh v\u1ebft th\u01b0\u01a1ng, Collagen t\u01b0\u01a1i, EGF, Placencare 100 Plus nhau thai baby Nh\u1eadt B\u1ea3n,.<\/span><\/i><\/p>\n<h4><b><i>1.Th\u00f4ng tin s\u1ea3n ph\u1ea9m:<\/i><\/b><\/h4>\n<p><i><span style=\"font-weight: 400;\">\u2013 M\u00e1y M\u00e1y LASER CO2 FRACTIONAL \u00a0 l\u00e0 thi\u1ebft b\u1ecb chuy\u00ean tr\u1ecb s\u1eb9o, tr\u1ecb m\u1ee5n, x\u00f3a nh\u0103n, \u0111i\u1ec1u tr\u1ecb s\u1eafc t\u1ed1 da ng\u1eeba l\u00e3o h\u00f3a da v\u00e0 k\u1ebft h\u1ee3p th\u00eam t\u00ednh n\u0103ng tr\u1ebb h\u00f3a \u00e2m \u0111\u1ea1o kh\u00f4ng ph\u1eabu thu\u1eadt. \u0110\u00e2y l\u00e0 c\u00f4ng ngh\u1ec7 tr\u1ebb h\u00f3a \u00e2m \u0111\u1ea1o ti\u00ean ti\u1ebfn nh\u1ea5t hi\u1ec7n nay mang l\u1ea1i hi\u1ec7u qu\u1ea3 g\u1ea5p 5 l\u1ea7n so v\u1edbi nh\u1eefng c\u00f4ng ngh\u1ec7 c\u0169 tr\u01b0\u1edbc \u0111\u00e2y. Ph\u01b0\u01a1ng ph\u00e1p l\u00e0m \u0111\u1eb9p n\u00e0y kh\u00f4ng t\u00e1c d\u1ee5ng ph\u1ee5, th\u1eddi gian h\u1ed3i ph\u1ee5c nhanh, kh\u00f4ng c\u1ea7n ngh\u1ec9 d\u01b0\u1ee1ng sau tr\u1ecb li\u1ec7u.<\/span><\/i><\/p>\n<p><i><span style=\"font-weight: 400;\">\u2013 M\u00e1y M\u00e1y LASER CO2 FRACTIONAL \u00a0 l\u00e0 s\u1ef1 k\u1ebft h\u1ee3p ho\u00e0n h\u1ea3o gi\u1eefa laser CO2 truy\u1ec1n th\u1ed1ng v\u00e0 c\u00f4ng ngh\u1ec7 vi \u0111i\u1ec3m (pixel). S\u1ef1 k\u1ebft h\u1ee3p n\u00e0y tr\u1edf th\u00e0nh \u0111\u1eb3ng c\u1ea5p cao h\u01a1n c\u1ea3 v\u1ec1 k\u0129 thu\u1eadt v\u00e0 hi\u1ec7u qu\u1ea3 so v\u1edbi c\u00e1c lo\u1ea1i laser kh\u00e1c. C\u00f4ng ngh\u1ec7 Laser Fractional co2\u00a0 c\u1ef1c k\u1ef3 hi\u1ec7n \u0111\u1ea1i, c\u00f3 th\u1ec3 ph\u00e1t ra c\u00e1c ch\u00f9m tia laser si\u00eau nh\u1ecf, \u0111\u1ec1u, ch\u00ednh x\u00e1c t\u1ea5n c\u00f4ng m\u1ea1nh m\u1ebd v\u00e0o s\u00e2u trong da gi\u00fap tr\u1ecb li\u1ec7u da t\u1ed1i \u01b0u.<\/span><\/i><\/p>\n<h4><b><i>2.L\u1ee3i khi s\u1eed d\u1ee5ng Laser CO2 Fractional vi \u0111i\u1ec3m \u0111i\u1ec1u tr\u1ecb da<\/i><\/b><\/h4>\n<p><i><span style=\"font-weight: 400;\">M\u1ee5c \u0111\u00edch c\u1ee7a c\u1ee7a c\u00f4ng ngh\u1ec7 m\u00e1y laser CO2 vi \u0111i\u1ec3m hay tia laser ma tr\u1eadn ph\u00e2n \u0111o\u1ea1n l\u00e0 l\u00e0m m\u1edbi da, l\u00e0 c\u00e1ch ph\u00e1t nhi\u1ec7t l\u01b0\u1ee3ng \u0111\u1ee7 cao \u0111\u1ec3 l\u00e0m b\u1ed1c h\u01a1i n\u01b0\u1edbc n\u01a1i bi\u1ec3u b\u00ec v\u00e0 t\u1ea7ng collagen bao g\u1ed3m:<\/span><\/i><\/p>\n<ul>\n<li style=\"font-weight: 400;\" aria-level=\"1\"><i><span style=\"font-weight: 400;\">\u00a0\u0110\u1ed1t nhi\u1ec7t n\u0103ng l\u01b0\u1ee3ng cao lo\u1ea1i b\u1ecf t\u1ebf b\u00e0o ch\u1ebft v\u00e0 t\u1ebf b\u00e0o s\u1eebng b\u1eb1ng c\u00e1ch t\u1ea1o ra nhi\u1ec7t l\u01b0\u1ee3ng \u1edf m\u1ee9c trung b\u00ecnh 66,8 \u00b0C<\/span><\/i><\/li>\n<\/ul>\n<ul>\n<li style=\"font-weight: 400;\" aria-level=\"1\"><i><span style=\"font-weight: 400;\">\u00a0Lo\u1ea1i b\u1ecf c\u00e1c v\u1ebft n\u00e1m, h\u1eafc s\u1eafc t\u1ed1, m\u1ea3ng n\u00e1m loang l\u1ed7 \u0111\u1ee7 m\u00e0u s\u1eafc ki\u1ec3u Ch\u00e2u \u00c1 nhanh ch\u00f3ng<\/span><\/i><\/li>\n<\/ul>\n<ul>\n<li style=\"font-weight: 400;\" aria-level=\"1\"><i><span style=\"font-weight: 400;\">\u00a0L\u00e0m m\u1ecfng \u0111i l\u1edbp da kh\u00f4ng \u0111\u1ed3ng \u0111\u1ec1u<\/span><\/i><\/li>\n<\/ul>\n<ul>\n<li style=\"font-weight: 400;\" aria-level=\"1\"><i><span style=\"font-weight: 400;\">\u00a0K\u00edch th\u00edch v\u00e0 l\u00e0m co l\u1ea1i s\u1ee3i collagen 1\/3 chi\u1ec1u d\u00e0i ban \u0111\u1ea7u m\u1ee5c \u0111\u00edch l\u00e0 \u0111i\u1ec1u tr\u1ecb l\u00e0n da ch\u1ea3y s\u1ec7, n\u00e2ng c\u01a1, ch\u1ed1ng l\u00e3o h\u00f3a da<\/span><\/i><\/li>\n<\/ul>\n<ul>\n<li style=\"font-weight: 400;\" aria-level=\"1\"><i><span style=\"font-weight: 400;\">\u00a0L\u00e0m m\u1edbi l\u00e0n da<\/span><\/i><\/li>\n<\/ul>\n<ul>\n<li style=\"font-weight: 400;\" aria-level=\"1\"><i><span style=\"font-weight: 400;\">\u00a0Lo\u1ea1i b\u1ecf da nh\u1eddn<\/span><\/i><\/li>\n<\/ul>\n<p><i><span style=\"font-weight: 400;\">Tr\u1ebb ho\u00e1 da m\u1eb7t Fotona 4D Laser vi \u0111i\u1ec3m v\u1edbi th\u1eddi gian \u0111i\u1ec1u tr\u1ecb 30 ph\u00fat tho\u1ea3i m\u00e1i cho k\u1ebft qu\u1ea3 l\u00e2u d\u00e0i, d\u1ea7n d\u1ea7u x\u00e2y d\u1ef1ng m\u00f4 t\u1ebf b\u00e0o, t\u0103ng sinh collagen n\u1ed9i b\u00e0o t\u1ef1 nhi\u00ean theo th\u1eddi gian t\u1ea1o l\u00e0n da tr\u1ebb trung, gi\u1ea3m tu\u1ed5i cho l\u00e0n da. Ng\u01b0\u1eddi \u0111i\u1ec1u tr\u1ecb c\u1ea3m th\u1ea5y l\u00e0n da c\u0103ng h\u01a1n, m\u1ecbn h\u01a1n, s\u1eafc t\u1ed1 d\u1ea7n bi\u1ebfn m\u1ea5t, c\u1ea3m th\u1eaft da \u0111\u01b0\u1ee3c th\u1eaft ch\u1eb7t.<\/span><\/i><\/p>\n<p><i><span style=\"font-weight: 400;\">Th\u1eddi gian \u0111i\u1ec1u tr\u1ecb th\u01b0\u1eddng c\u00e1ch nhau 21 ng\u00e0y, v\u00e0 \u0111\u01b0\u1ee3c khuy\u1ebfn ngh\u1ecb l\u00e0 d\u00f9ng 3-4 bu\u1ed5i m\u1ed7i l\u1ea7n 30 ph\u00fat. Tu\u1ef3 theo t\u00ecnh tr\u1ea1ng da m\u00e0 6-8 th\u00e1ng ho\u1eb7c 1 n\u0103m m\u1edbi t\u00e1i s\u1eed d\u1ee5ng l\u1ea1i \u0111\u1ec3 k\u1ebft qu\u1ea3 t\u1ed1t h\u01a1n, \u0111\u1eb7c bi\u1ec7t, ph\u1ea3i bi\u1ebft ngu\u1ed3n g\u1ed1c m\u1ef9 ph\u1ea9m v\u00e0 th\u00e0nh ph\u1ea7n c\u1ee7a d\u01b0\u1ee1ng ch\u1ea5t m\u1edbi gi\u00fap b\u1ea1n \u0111\u1ea1t \u0111\u01b0\u1ee3c k\u1ebft qu\u1ea3 nh\u01b0 \u00fd.<\/span><\/i><\/p>\n<h4><b><i>3. Nguy\u00ean t\u1eafc th\u1eaft ch\u1eb7t \u00e2m \u0111\u1ea1o<\/i><\/b><\/h4>\n<p><i><span style=\"font-weight: 400;\">Laser th\u1eaft ch\u1eb7t \u00e2m \u0111\u1ea1o l\u00e0 vi\u1ec7c s\u1eed d\u1ee5ng tia laser ti\u00eau chu\u1ea9n v\u00e0ng 10600nm, s\u1eed d\u1ee5ng c\u00f4ng ngh\u1ec7 m\u1ea1ng ba chi\u1ec1u v\u00e0 k\u1ebft h\u1ee3p ho\u00e0n h\u1ea3o ph\u00e1t x\u1ea1 tr\u00f2n 360 \u0111\u1ed9 c\u1ee7a c\u00f4ng ngh\u1ec7, \u0111\u1ec3 t\u1ea1o ra 50-70 \u0111\u1ed9. \u1ede \u0111\u1ed9 s\u00e2u \u0111\u01b0\u1ee3c ki\u1ec3m so\u00e1t c\u1ee7a ni\u00eam m\u1ea1c \u00e2m \u0111\u1ea1o, k\u00edch th\u00edch propria lamina v\u00e0 nguy\u00ean b\u00e0o s\u1ee3i s\u01a1 sinh c\u1ee7a t\u00f4i, v\u00e0 c\u00e1c s\u1ee3i collagen b\u1ecb h\u01b0 h\u1ecfng, c\u00e1c s\u1ee3i \u0111\u00e0n h\u1ed3i, nh\u01b0 t\u00e1i c\u1ea5u tr\u00fac, \u0111\u1ec3 \u0111\u1ea1t \u0111\u01b0\u1ee3c th\u00e0nh d\u00e0y \u00e2m \u0111\u1ea1o v\u00e0 th\u1eaft ch\u1eb7t \u00e2m \u0111\u1ea1o \u0111\u1ec3 l\u00e0m s\u0103n ch\u1eafc, t\u0103ng c\u01b0\u1eddng \u0111\u1ed9 nh\u1ea1y c\u1ea3m, th\u1eaft ch\u1eb7t \u00e2m \u0111\u1ea1o m\u00e3i m\u00e3i. Laser th\u1eaft ch\u1eb7t \u00e2m \u0111\u1ea1o kh\u00f4ng t\u1ea1o ra b\u1ecfng da do nhi\u1ec7t \u0111\u1ed9 cao, m\u1ed7i lo\u1ea1i c\u00f3 kh\u1ea3 n\u0103ng nhi\u1ec7t \u0111\u1ed3ng nh\u1ea5t, ho\u1ea1t \u0111\u1ed9ng tr\u00ean m\u1ed9t t\u1ed5 ch\u1ee9c ni\u00eam m\u1ea1c d\u00e0y v\u00e0i tr\u0103m nanomet.<\/span><\/i><\/p>\n<p><i><span style=\"font-weight: 400;\">K\u1ebft qu\u1ea3 \u0111\u1ea1t \u0111\u01b0\u1ee3c l\u00e0 <\/span><\/i><b><i>B\u1ee9c x\u1ea1 nhi\u1ec7t l\u00e0m cho m\u00f4 ni\u00eam m\u1ea1c co l\u1ea1i v\u00e0 c\u00e1c s\u1ee3i collagen do \u0111\u00f3 c\u1ea3i thi\u1ec7n v\u00e0 t\u00e1i c\u1ea5u tr\u00fac th\u1eaft ch\u1eb7t \u00e2m \u0111\u1ea1o:<\/i><\/b><\/p>\n<ul>\n<li style=\"font-weight: 400;\" aria-level=\"1\"><i><span style=\"font-weight: 400;\">\u00a0\u00c2m \u0111\u1ea1o co r\u00fat, co th\u1eaft nhanh, s\u0103n ch\u1eafc l\u00e2u d\u00e0i.<\/span><\/i><\/li>\n<\/ul>\n<ul>\n<li style=\"font-weight: 400;\" aria-level=\"1\"><i><span style=\"font-weight: 400;\">\u00a0\u00c2m \u0111\u1ea1o thay \u0111\u1ed5i s\u0103c t\u1ed1: s\u1eafc t\u1ed1 lo\u00e3ng, l\u00e0m h\u1ed3ng,<\/span><\/i><\/li>\n<\/ul>\n<ul>\n<li style=\"font-weight: 400;\" aria-level=\"1\"><i><span style=\"font-weight: 400;\">\u00a0\u00c2m \u0111\u1ea1o c\u00e2n b\u1eb1ng: t\u0103ng n\u1ed9i ti\u1ebft, lo\u1ea1i b\u1ecf kh\u00f4.<\/span><\/i><\/li>\n<\/ul>\n<ul>\n<li style=\"font-weight: 400;\" aria-level=\"1\"><i><span style=\"font-weight: 400;\">\u00a0\u0110\u1ec3 c\u1ea3i thi\u1ec7n \u0111\u1ed9 nh\u1ea1y c\u1ea3m c\u1ee7a b\u00f3 c\u01a1.<\/span><\/i><\/li>\n<\/ul>\n<ul>\n<li style=\"font-weight: 400;\" aria-level=\"1\"><i><span style=\"font-weight: 400;\">\u00a0H\u1ed7 tr\u1ee3 thay \u0111\u1ed5i s\u1ee9c kh\u1ecfe c\u00e1 nh\u00e2n, c\u00e2n b\u1eb1ng PH, c\u1ea3i thi\u1ec7n m\u00f4i tr\u01b0\u1eddng b\u00ean trong.<\/span><\/i><\/li>\n<\/ul>\n<ol start=\"4\">\n<li><b><i> C\u00f4ng ngh\u1ec7 laser vi \u0111i\u1ec3m si\u00eau xung:<\/i><\/b><\/li>\n<\/ol>\n<ul>\n<li style=\"font-weight: 400;\" aria-level=\"1\"><i><span style=\"font-weight: 400;\">\u00a0L\u00e0m m\u1edbi da, t\u00e1i t\u1ea1o b\u1ec1 m\u1eb7t da<\/span><\/i><\/li>\n<\/ul>\n<ul>\n<li style=\"font-weight: 400;\" aria-level=\"1\"><i><span style=\"font-weight: 400;\">\u00a0Lo\u1ea1i b\u1ecf n\u1ebfp nh\u0103n m\u1ecbn, gi\u1ea3m r\u00e3nh nh\u0103n s\u00e2u<\/span><\/i><\/li>\n<\/ul>\n<ul>\n<li style=\"font-weight: 400;\" aria-level=\"1\"><i><span style=\"font-weight: 400;\">\u00a0Lo\u1ea1i b\u1ecf v\u1ebft s\u1eb9o tr\u00ean da<\/span><\/i><\/li>\n<\/ul>\n<ul>\n<li style=\"font-weight: 400;\" aria-level=\"1\"><i><span style=\"font-weight: 400;\">\u00a0Lo\u1ea1i b\u1ecf t\u00e0n nhang, da s\u1ea1m n\u1eafng, \u0111i\u1ec1u tr\u1ecb \u0111\u1ed1m s\u1eafc t\u1ed1 tu\u1ed5i, gi\u1ea3m s\u1eafc t\u1ed1 melanin<\/span><\/i><\/li>\n<\/ul>\n<ul>\n<li style=\"font-weight: 400;\" aria-level=\"1\"><i><span style=\"font-weight: 400;\">\u00a0Lo\u1ea1i b\u1ecf m\u1ee5n tr\u1ee9ng c\u00e1<\/span><\/i><\/li>\n<\/ul>\n<ul>\n<li style=\"font-weight: 400;\" aria-level=\"1\"><i><span style=\"font-weight: 400;\">\u00a0Lo\u1ea1i b\u1ecf m\u00e0u tu\u1ed1i t\u00e0n nhang, n\u1ed1t ru\u1ed3i<\/span><\/i><\/li>\n<\/ul>\n<ul>\n<li style=\"font-weight: 400;\" aria-level=\"1\"><i><span style=\"font-weight: 400;\">\u00a0Lo\u1ea1i b\u1ecf m\u1ee5n c\u00f3c, m\u1ee5n th\u1ecbt<\/span><\/i><\/li>\n<\/ul>\n<h4><b><i>5.C\u00f4ng d\u1ee5ng m\u00e1y laser Fotona vi \u0111i\u1ec3m ph\u00e2n \u0111o\u1ea1n ma tr\u1eadn<\/i><\/b><\/h4>\n<ul>\n<li style=\"font-weight: 400;\" aria-level=\"1\"><i><span style=\"font-weight: 400;\">\u00a0C\u00f4ng ngh\u1ec7 nhi\u1ec7t vi \u0111i\u1ec3m ma tr\u1eadn<\/span><\/i><\/li>\n<\/ul>\n<ul>\n<li style=\"font-weight: 400;\" aria-level=\"1\"><i><span style=\"font-weight: 400;\">\u00a0\u0110i\u1ec1u tr\u1ecb da kh\u00f4ng x\u00e2m l\u1ea5n, kh\u00f4ng \u1ea3nh h\u01b0\u1edfng \u0111\u1ebfn m\u00f4 da b\u00ecnh th\u01b0\u1eddng, c\u00f4ng ngh\u1ec7 laser vi \u0111i\u1ec3m m\u1edbi nh\u1ea5t<\/span><\/i><\/li>\n<\/ul>\n<ul>\n<li style=\"font-weight: 400;\" aria-level=\"1\"><i><span style=\"font-weight: 400;\">\u00a0\u0110i\u1ec1u tr\u1ecb s\u1eb9o b\u1eb1ng n\u0103ng l\u01b0\u1ee3ng laser CO2 an to\u00e0n v\u00e0 k\u00edch m\u00f4 s\u1eb9o \u0111\u01b0\u1eddng \u0111\u1ed3ng h\u00f3a h\u00ecnh th\u00e0nh da m\u1edbi nhanh<\/span><\/i><\/li>\n<\/ul>\n<ul>\n<li style=\"font-weight: 400;\" aria-level=\"1\"><i><span style=\"font-weight: 400;\">\u00a0K\u00edch th\u00edch da t\u1ed5ng h\u1ee3p collagen sinh m\u1edbi<\/span><\/i><\/li>\n<\/ul>\n<ul>\n<li style=\"font-weight: 400;\" aria-level=\"1\"><i><span style=\"font-weight: 400;\">\u00a0S\u1eeda ch\u1eefa m\u00f4, t\u00e1i s\u1eafp x\u1ebfp collagen v\u00e0 m\u1ed9t lo\u1ea1t c\u00e1c c\u01a1 ch\u1ebf t\u1ef1 ch\u1eefa b\u1ec7nh t\u1ef1 nhi\u00ean c\u1ee7a c\u01a1 th\u1ec3<\/span><\/i><\/li>\n<\/ul>\n<ul>\n<li style=\"font-weight: 400;\" aria-level=\"1\"><i><span style=\"font-weight: 400;\">\u00a0Collagen t\u01b0\u01a1i t\u00e1i t\u1ea1o ng\u1eabu nhi\u00ean, l\u00e0m cho v\u00f9ng da \u0111\u01b0\u1ee3c sinh ra m\u1edbi tr\u1edf n\u00ean m\u1ecbn m\u00e0ng, s\u0103n ch\u1eafc<\/span><\/i><\/li>\n<\/ul>\n<ul>\n<li style=\"font-weight: 400;\" aria-level=\"1\"><i><span style=\"font-weight: 400;\">\u00a0Thu h\u1eb9p l\u1ed7 ch\u00e2n l\u00f4ng l\u00e0m cho da m\u1ecbn t\u01b0\u01a1i tr\u1ebb<\/span><\/i><\/li>\n<\/ul>\n<ul>\n<li style=\"font-weight: 400;\" aria-level=\"1\"><i><span style=\"font-weight: 400;\">\u00a0Cho l\u00e0n da s\u0103n ch\u1eafc, \u0111\u00e0n h\u1ed3i<\/span><\/i><\/li>\n<\/ul>\n<ul>\n<li style=\"font-weight: 400;\" aria-level=\"1\"><i><span style=\"font-weight: 400;\">\u00a0\u0110i\u1ec1u tr\u1ecb t\u00fai m\u1eaft<\/span><\/i><\/li>\n<\/ul>\n<ul>\n<li style=\"font-weight: 400;\" aria-level=\"1\"><i><span style=\"font-weight: 400;\">\u00a0\u0110i\u1ec1u tr\u1ecb n\u1ebfp nh\u0103n<\/span><\/i><\/li>\n<\/ul>\n<ul>\n<li style=\"font-weight: 400;\" aria-level=\"1\"><i><span style=\"font-weight: 400;\">\u00a0\u0110i\u1ec1u tr\u1ecb n\u00e1m s\u1ea1m, da t\u0103ng s\u1eafc t\u1ed1 s\u1ebd bi\u1ebfn m\u1ea5t nhanh<\/span><\/i><\/li>\n<\/ul>\n<ul>\n<li style=\"font-weight: 400;\" aria-level=\"1\"><i><span style=\"font-weight: 400;\">\u00a0C\u00f4ng th\u1ee9c tr\u1ebb h\u00f3a da khi k\u1ebft h\u1ee3p m\u1ed9t s\u1ed1 d\u01b0\u1ee1ng ch\u1ea5t t\u00e1i t\u1ea1o chuy\u00ean nghi\u1ec7p v\u00e0 \u0111\u1eb7c bi\u1ec7t<\/span><\/i><\/li>\n<\/ul>\n<ul>\n<li style=\"font-weight: 400;\" aria-level=\"1\"><i><span style=\"font-weight: 400;\">\u00a0Tr\u1ebb h\u00f3a da v\u00f9ng \u00e2m \u0111\u1ea1o bao g\u1ed3m t\u0103ng sinh collagen, th\u1eaft ch\u1eb7t, t\u1ea1o s\u1ef1 h\u1ed3ng h\u00e0o, nh\u1ecf g\u1ecdn nh\u01b0 m\u1edbi l\u1ea7n \u0111\u1ea7u v\u1edbi c\u00f4ng ngh\u1ec7 laser CO2 4D m\u1edbi nh\u1ea5t<\/span><\/i><\/li>\n<\/ul>\n<h4><b><i>6. Th\u00f4ng s\u1ed1 k\u1ef9 thu\u1eadt m\u00e1y Laser si\u00eau xung Fotona 4D<\/i><\/b><\/h4>\n<p><i><span style=\"font-weight: 400;\">\u2013 T\u00ean s\u1ea3n ph\u1ea9m: m\u00e1y laser si\u00eau xung vi \u0111i\u1ec3m 4D Fotona<\/span><\/i><\/p>\n<p><i><span style=\"font-weight: 400;\">\u2013 C\u00f4ng su\u1ea5t: 60W<\/span><\/i><\/p>\n<p><i><span style=\"font-weight: 400;\">\u2013 K\u00edch th\u01b0\u1edbc \u0111i\u1ec3m b\u1eafn: 20mm x 20mm<\/span><\/i><\/p>\n<p><i><span style=\"font-weight: 400;\">\u2013 N\u0103ng l\u01b0\u1ee3ng xung: 3 \u2013 150 mJ<\/span><\/i><\/p>\n<p><i><span style=\"font-weight: 400;\">\u2013 B\u01b0\u1edbc s\u00f3ng laser: 10.600 nm<\/span><\/i><\/p>\n<p><i><span style=\"font-weight: 400;\">\u2013 Ngu\u1ed3n \u0111i\u1ec7n: 220V\/50Hz-60Hz, 10A<\/span><\/i><\/p>\n<p><i><span style=\"font-weight: 400;\">\u2013 C\u00f4ng ngh\u1ec7: laser vi \u0111i\u1ec3m ma tr\u1eadn 3D, 4D m\u1edbi nh\u1ea5t \u0111\u01b0\u1ee3c m\u00f4 ph\u1ecfng b\u1eb1ng d\u00f2ng \u0111i\u1ec7n tr\u1ef1c ti\u1ebfp<\/span><\/i><\/p>\n<p><i><span style=\"font-weight: 400;\">\u2013 Ch\u1ea5t l\u01b0\u1ee3ng ch\u00f9m quang: TEM00<\/span><\/i><\/p>\n<p><i><span style=\"font-weight: 400;\">\u2013 C\u00f4ng su\u1ea5t \u0111\u1ea7u ra: 0,5W \u2013 60W<\/span><\/i><\/p>\n<p><i><span style=\"font-weight: 400;\">\u2013 K\u00edch th\u01b0\u1edbc \u0111i\u1ec3m: 50-150\u00b5m, \u0111\u1ed9 s\u00e2u 500-1000\u00b5m<\/span><\/i><\/p>\n<p><i><span style=\"font-weight: 400;\">\u2013 \u0110\u01b0\u1eddng k\u00ednh \u0111i\u1ec3m: 0-20mm<\/span><\/i><\/p>\n<p><i><span style=\"font-weight: 400;\">\u2013 H\u01b0\u1edbng ch\u00f9m:\u00a0 laser b\u00e1n d\u1eabn m\u00e0u \u0111\u1ecf (635nm, nh\u1ecf h\u01a1n 5mW)<\/span><\/i><\/p>\n<p><i><span style=\"font-weight: 400;\">\u2013 Thi\u1ebft b\u1ecb v\u1eadn chuy\u1ec3n ch\u00f9m tia: C\u00e1nh tay kh\u1edbp n\u1ed1i v\u1edbi 7 kh\u1edbp v\u00e0 c\u00e2n b\u1eb1ng<\/span><\/i><\/p>\n<p><i><span style=\"font-weight: 400;\">\u2013 Ch\u1ebf \u0111\u1ed9 l\u00e0m vi\u1ec7c: ho\u1ea1t \u0111\u1ed9ng li\u00ean t\u1ee5c<\/span><\/i><\/p>\n<p><i><span style=\"font-weight: 400;\">\u2013 Ch\u1ebf \u0111\u1ed9 \u0111\u1ea7u ra: xung li\u00ean t\u1ee5c, xung \u0111\u01a1n, xung nh\u1ecbp, si\u00eau xung<\/span><\/i><\/p>\n<p><i><span style=\"font-weight: 400;\">\u2013 Qu\u00e9t \u0111\u1ed3 h\u1ecda: h\u00ecnh tr\u00f2n, h\u00ecnh tam gi\u00e1c, h\u00ecnh vu\u00f4ng, h\u00ecnh ch\u1eef nh\u1eadt, h\u00ecnh l\u1ee5c gi\u00e1c, h\u00ecnh elip, d\u00f2ng line<\/span><\/i><\/p>\n<p><i><span style=\"font-weight: 400;\">\u2013 Ch\u1ebf \u0111\u1ecd qu\u00e9t: qu\u00e9t ng\u1eabu nhi\u00ean, b\u00ecnh th\u01b0\u1eddng v\u00e0 Midsplit<\/span><\/i><\/p>\n<p><i><span style=\"font-weight: 400;\">\u2013 T\u1ed1c \u0111\u1ed9 qu\u00e9t: h\u01a1n 10m\/s<\/span><\/i><\/p>\n<p><i><span style=\"font-weight: 400;\">\u2013 Kho\u1ea3ng c\u00e1ch: 0,1-6mm<\/span><\/i><\/p>\n<p>&nbsp;<\/p>\n","protected":false},"excerpt":{"rendered":"<p>M\u00e1y laser co2 fractional\u00a0l\u00e0 thi\u1ebft b\u1ecb th\u1ea9m m\u1ef9 chuy\u00ean d\u00f9ng \u0111i\u1ec1u tr\u1ecb c\u00e1c b\u1ec7nh l\u00fd v\u1ec1 da nh\u01b0 tr\u1ecb s\u1eb9o, r\u1ea1n ra, tr\u1ecb m\u1ee5n, &#8230;., tr\u1ebb h\u00f3a \u00e2m \u0111\u1ea1o. mang l\u1ea1i k\u1ebft qu\u1ea3 cao sau \u0111i\u1ec1u tr\u1ecb, thi\u1ebft b\u1ecb \u0111\u01b0\u1ee3c s\u1eed d\u1ee5ng r\u1ed9ng r\u00e3i t\u1ea1i c\u00e1c ph\u00f2ng kh\u00e1m da li\u1ec5u, Spa v\u00e0 th\u1ea9m m\u1ef9 vi\u1ec7n<\/p>\n","protected":false},"featured_media":16011,"comment_status":"open","ping_status":"closed","template":"","meta":[],"product_cat":[20],"product_tag":[],"yoast_head":"<!-- This site is optimized with the Yoast SEO plugin v21.5 - https:\/\/yoast.com\/wordpress\/plugins\/seo\/ -->\n<title>M\u00c1Y LASER CO2 TAIBO - WONTECH THI\u1ebeT B\u1eca SPA<\/title>\n<meta name=\"robots\" content=\"index, follow, max-snippet:-1, max-image-preview:large, max-video-preview:-1\" \/>\n<link rel=\"canonical\" href=\"https:\/\/wontechthietbispa.com\/index.php\/product\/may-laser-co2-taibo\/\" \/>\n<meta property=\"og:locale\" content=\"en_US\" \/>\n<meta property=\"og:type\" content=\"article\" \/>\n<meta property=\"og:title\" content=\"M\u00c1Y LASER CO2 TAIBO - WONTECH THI\u1ebeT B\u1eca SPA\" \/>\n<meta property=\"og:description\" content=\"M\u00e1y laser co2 fractional\u00a0l\u00e0 thi\u1ebft b\u1ecb th\u1ea9m m\u1ef9 chuy\u00ean d\u00f9ng \u0111i\u1ec1u tr\u1ecb c\u00e1c b\u1ec7nh l\u00fd v\u1ec1 da nh\u01b0 tr\u1ecb s\u1eb9o, r\u1ea1n ra, tr\u1ecb m\u1ee5n, ...., tr\u1ebb h\u00f3a \u00e2m \u0111\u1ea1o. mang l\u1ea1i k\u1ebft qu\u1ea3 cao sau \u0111i\u1ec1u tr\u1ecb, thi\u1ebft b\u1ecb \u0111\u01b0\u1ee3c s\u1eed d\u1ee5ng r\u1ed9ng r\u00e3i t\u1ea1i c\u00e1c ph\u00f2ng kh\u00e1m da li\u1ec5u, Spa v\u00e0 th\u1ea9m m\u1ef9 vi\u1ec7n\" \/>\n<meta property=\"og:url\" content=\"https:\/\/wontechthietbispa.com\/index.php\/product\/may-laser-co2-taibo\/\" \/>\n<meta property=\"og:site_name\" content=\"WONTECH THI\u1ebeT B\u1eca SPA\" \/>\n<meta property=\"article:modified_time\" content=\"2025-04-03T02:33:21+00:00\" \/>\n<meta property=\"og:image\" content=\"http:\/\/wontechthietbispa.com\/wp-content\/uploads\/2023\/11\/Untitled-1-127.png\" \/>\n\t<meta property=\"og:image:width\" content=\"700\" \/>\n\t<meta property=\"og:image:height\" content=\"800\" \/>\n\t<meta property=\"og:image:type\" content=\"image\/png\" \/>\n<meta name=\"twitter:card\" content=\"summary_large_image\" \/>\n<meta name=\"twitter:label1\" content=\"Est. reading time\" \/>\n\t<meta name=\"twitter:data1\" content=\"6 minutes\" \/>\n<script type=\"application\/ld+json\" class=\"yoast-schema-graph\">{\"@context\":\"https:\/\/schema.org\",\"@graph\":[{\"@type\":\"WebPage\",\"@id\":\"https:\/\/wontechthietbispa.com\/index.php\/product\/may-laser-co2-taibo\/\",\"url\":\"https:\/\/wontechthietbispa.com\/index.php\/product\/may-laser-co2-taibo\/\",\"name\":\"M\u00c1Y LASER CO2 TAIBO - WONTECH THI\u1ebeT B\u1eca SPA\",\"isPartOf\":{\"@id\":\"https:\/\/wontechthietbispa.com\/#website\"},\"datePublished\":\"2023-12-01T04:27:16+00:00\",\"dateModified\":\"2025-04-03T02:33:21+00:00\",\"breadcrumb\":{\"@id\":\"https:\/\/wontechthietbispa.com\/index.php\/product\/may-laser-co2-taibo\/#breadcrumb\"},\"inLanguage\":\"en-US\",\"potentialAction\":[{\"@type\":\"ReadAction\",\"target\":[\"https:\/\/wontechthietbispa.com\/index.php\/product\/may-laser-co2-taibo\/\"]}]},{\"@type\":\"BreadcrumbList\",\"@id\":\"https:\/\/wontechthietbispa.com\/index.php\/product\/may-laser-co2-taibo\/#breadcrumb\",\"itemListElement\":[{\"@type\":\"ListItem\",\"position\":1,\"name\":\"Home\",\"item\":\"https:\/\/wontechthietbispa.com\/\"},{\"@type\":\"ListItem\",\"position\":2,\"name\":\"Shop\",\"item\":\"https:\/\/wontechthietbispa.com\/index.php\/shop\/\"},{\"@type\":\"ListItem\",\"position\":3,\"name\":\"M\u00c1Y LASER CO2 TAIBO\"}]},{\"@type\":\"WebSite\",\"@id\":\"https:\/\/wontechthietbispa.com\/#website\",\"url\":\"https:\/\/wontechthietbispa.com\/\",\"name\":\"WONTECH THI\u1ebeT B\u1eca SPA\",\"description\":\"WONTECH THI\u1ebeT B\u1eca SPA\",\"potentialAction\":[{\"@type\":\"SearchAction\",\"target\":{\"@type\":\"EntryPoint\",\"urlTemplate\":\"https:\/\/wontechthietbispa.com\/?s={search_term_string}\"},\"query-input\":\"required name=search_term_string\"}],\"inLanguage\":\"en-US\"}]}<\/script>\n<!-- \/ Yoast SEO plugin. -->","yoast_head_json":{"title":"M\u00c1Y LASER CO2 TAIBO - WONTECH THI\u1ebeT B\u1eca SPA","robots":{"index":"index","follow":"follow","max-snippet":"max-snippet:-1","max-image-preview":"max-image-preview:large","max-video-preview":"max-video-preview:-1"},"canonical":"https:\/\/wontechthietbispa.com\/index.php\/product\/may-laser-co2-taibo\/","og_locale":"en_US","og_type":"article","og_title":"M\u00c1Y LASER CO2 TAIBO - WONTECH THI\u1ebeT B\u1eca SPA","og_description":"M\u00e1y laser co2 fractional\u00a0l\u00e0 thi\u1ebft b\u1ecb th\u1ea9m m\u1ef9 chuy\u00ean d\u00f9ng \u0111i\u1ec1u tr\u1ecb c\u00e1c b\u1ec7nh l\u00fd v\u1ec1 da nh\u01b0 tr\u1ecb s\u1eb9o, r\u1ea1n ra, tr\u1ecb m\u1ee5n, ...., tr\u1ebb h\u00f3a \u00e2m \u0111\u1ea1o. mang l\u1ea1i k\u1ebft qu\u1ea3 cao sau \u0111i\u1ec1u tr\u1ecb, thi\u1ebft b\u1ecb \u0111\u01b0\u1ee3c s\u1eed d\u1ee5ng r\u1ed9ng r\u00e3i t\u1ea1i c\u00e1c ph\u00f2ng kh\u00e1m da li\u1ec5u, Spa v\u00e0 th\u1ea9m m\u1ef9 vi\u1ec7n","og_url":"https:\/\/wontechthietbispa.com\/index.php\/product\/may-laser-co2-taibo\/","og_site_name":"WONTECH THI\u1ebeT B\u1eca SPA","article_modified_time":"2025-04-03T02:33:21+00:00","og_image":[{"width":700,"height":800,"url":"http:\/\/wontechthietbispa.com\/wp-content\/uploads\/2023\/11\/Untitled-1-127.png","type":"image\/png"}],"twitter_card":"summary_large_image","twitter_misc":{"Est. reading time":"6 minutes"},"schema":{"@context":"https:\/\/schema.org","@graph":[{"@type":"WebPage","@id":"https:\/\/wontechthietbispa.com\/index.php\/product\/may-laser-co2-taibo\/","url":"https:\/\/wontechthietbispa.com\/index.php\/product\/may-laser-co2-taibo\/","name":"M\u00c1Y LASER CO2 TAIBO - WONTECH THI\u1ebeT B\u1eca SPA","isPartOf":{"@id":"https:\/\/wontechthietbispa.com\/#website"},"datePublished":"2023-12-01T04:27:16+00:00","dateModified":"2025-04-03T02:33:21+00:00","breadcrumb":{"@id":"https:\/\/wontechthietbispa.com\/index.php\/product\/may-laser-co2-taibo\/#breadcrumb"},"inLanguage":"en-US","potentialAction":[{"@type":"ReadAction","target":["https:\/\/wontechthietbispa.com\/index.php\/product\/may-laser-co2-taibo\/"]}]},{"@type":"BreadcrumbList","@id":"https:\/\/wontechthietbispa.com\/index.php\/product\/may-laser-co2-taibo\/#breadcrumb","itemListElement":[{"@type":"ListItem","position":1,"name":"Home","item":"https:\/\/wontechthietbispa.com\/"},{"@type":"ListItem","position":2,"name":"Shop","item":"https:\/\/wontechthietbispa.com\/index.php\/shop\/"},{"@type":"ListItem","position":3,"name":"M\u00c1Y LASER CO2 TAIBO"}]},{"@type":"WebSite","@id":"https:\/\/wontechthietbispa.com\/#website","url":"https:\/\/wontechthietbispa.com\/","name":"WONTECH THI\u1ebeT B\u1eca SPA","description":"WONTECH THI\u1ebeT B\u1eca SPA","potentialAction":[{"@type":"SearchAction","target":{"@type":"EntryPoint","urlTemplate":"https:\/\/wontechthietbispa.com\/?s={search_term_string}"},"query-input":"required name=search_term_string"}],"inLanguage":"en-US"}]}},"jetpack_sharing_enabled":true,"_links":{"self":[{"href":"https:\/\/wontechthietbispa.com\/index.php\/wp-json\/wp\/v2\/product\/16274"}],"collection":[{"href":"https:\/\/wontechthietbispa.com\/index.php\/wp-json\/wp\/v2\/product"}],"about":[{"href":"https:\/\/wontechthietbispa.com\/index.php\/wp-json\/wp\/v2\/types\/product"}],"replies":[{"embeddable":true,"href":"https:\/\/wontechthietbispa.com\/index.php\/wp-json\/wp\/v2\/comments?post=16274"}],"version-history":[{"count":2,"href":"https:\/\/wontechthietbispa.com\/index.php\/wp-json\/wp\/v2\/product\/16274\/revisions"}],"predecessor-version":[{"id":16276,"href":"https:\/\/wontechthietbispa.com\/index.php\/wp-json\/wp\/v2\/product\/16274\/revisions\/16276"}],"wp:featuredmedia":[{"embeddable":true,"href":"https:\/\/wontechthietbispa.com\/index.php\/wp-json\/wp\/v2\/media\/16011"}],"wp:attachment":[{"href":"https:\/\/wontechthietbispa.com\/index.php\/wp-json\/wp\/v2\/media?parent=16274"}],"wp:term":[{"taxonomy":"product_cat","embeddable":true,"href":"https:\/\/wontechthietbispa.com\/index.php\/wp-json\/wp\/v2\/product_cat?post=16274"},{"taxonomy":"product_tag","embeddable":true,"href":"https:\/\/wontechthietbispa.com\/index.php\/wp-json\/wp\/v2\/product_tag?post=16274"}],"curies":[{"name":"wp","href":"https:\/\/api.w.org\/{rel}","templated":true}]}}