{"id":16066,"date":"2023-11-29T12:24:49","date_gmt":"2023-11-29T05:24:49","guid":{"rendered":"https:\/\/wontechthietbispa.com\/?post_type=product&#038;p=16066"},"modified":"2026-01-12T09:38:32","modified_gmt":"2026-01-12T02:38:32","slug":"may-laser-pico-pro-tri-nam-sanhe","status":"publish","type":"product","link":"https:\/\/wontechthietbispa.com\/index.php\/product\/may-laser-pico-pro-tri-nam-sanhe\/","title":{"rendered":"M\u00c1Y LASER PICO PRO"},"content":{"rendered":"<p><strong>M\u00e1y Laser Pico Pro Tr\u1ecb N\u00e1m<\/strong>\u00a0t\u1eeb th\u01b0\u01a1ng hi\u1ec7u Sanhe s\u1eed d\u1ee5ng c\u00f4ng ngh\u1ec7 Picosecond cho hi\u1ec7u qu\u1ea3 c\u1ef1c k\u00ec cao, g\u1ea5p nhi\u1ec1u l\u1ea7n so v\u1edbi c\u00f4ng ngh\u1ec7 Laser truy\u1ec1n th\u1ed1ng, v\u01b0\u1ee3t tr\u1ed9i ho\u00e0n to\u00e0n so v\u1edbi c\u00f4ng ngh\u1ec7 Laser Q Switched. Ch\u00f9m tia Laser \u0111\u01b0\u1ee3c ph\u00e1t ra v\u1edbi t\u1ed1c \u0111\u1ed9 v\u00f4 c\u00f9ng nhanh, \u0111\u1ee7 \u0111\u1ec3 ph\u00e1 v\u1ee1 c\u00e1c h\u1eafc s\u1eafc t\u1ed1 nh\u01b0ng kh\u00f4ng l\u00e0m t\u1ed5n th\u01b0\u01a1ng c\u00e1c v\u00f9ng da l\u00e2n c\u1eadn.<\/p>\n<p><strong>\u01afU \u0110I\u1ec2M<\/strong><\/p>\n<p>&#8211; M\u00e1y Laser Pico Pro Tr\u1ecb N\u00e1m Pro 50 \u0111\u01b0\u1ee3c trang b\u1ecb tay tr\u1ee5c khu\u1ef7u 7 \u0111o\u1ea1n nh\u1eadp kh\u00e2u Korea cho ch\u1ea5t l\u01b0\u1ee3ng tia b\u1eafn t\u1ed1t v\u00e0 \u0111\u1ed9 \u1ed5n \u0111\u1ecbnh cao.<\/p>\n<p>&#8211; Tia Laser d\u1eabn \u0111\u01b0\u1eddng ch\u00ednh x\u00e1c, v\u00f4 c\u00f9ng th\u00f4ng minh.<\/p>\n<p>&#8211; N\u0103ng l\u01b0\u1ee3ng ph\u00e1t ra l\u1edbn, mang l\u1ea1i hi\u1ec7u qu\u1ea3 cao.<\/p>\n<p>&#8211; Thanh ROD cao c\u1ea5p gi\u00fap tia b\u1eafn \u1ed5n \u0111\u1ecbnh, tu\u1ed5i th\u1ecd t\u0103ng cao.<\/p>\n<p>&#8211; K\u00edch th\u01b0\u1edbc \u0111i\u1ec3m b\u1eafn c\u00f3 th\u1ec3 t\u00f9y ch\u1ec9nh th\u00f4ng m\u00ecnh t\u1eeb 2 \u2013 10, ph\u00f9 h\u1ee3p v\u1edbi m\u1ecdi v\u1ecb tr\u00ed da c\u1ea7n \u0111i\u1ec1u tr\u1ecb.<\/p>\n<p><strong>TH\u00d4NG S\u1ed0 K\u1ef8 THU\u1eacT TR\u00caN M\u00e1y Laser Pico Pro Tr\u1ecb N\u00e1m<\/strong><\/p>\n<p>&#8211; B\u01b0\u1edbc s\u00f3ng: 1064nm &amp; 532nm, 585nm (t\u00f9y ch\u1ecdn) 650nm (t\u00f9y ch\u1ecdn).<\/p>\n<p>&#8211; K\u00edch th\u01b0\u1edbc \u0111i\u1ec3m: 2-10 mm.<\/p>\n<p>&#8211; Th\u1eddi l\u01b0\u1ee3ng xung: 500 ms.<\/p>\n<p>&#8211; T\u1ea7n s\u1ed1: 1-10 HZ.<\/p>\n<p>&#8211; N\u0103ng l\u01b0\u1ee3ng: 1064nm: 1-25. 47J \/ cm2, 532nm: 0. 5-12. 73J \/ cm2.<\/p>\n<p>&#8211; N\u0103ng l\u01b0\u1ee3ng: \u0110\u01a1n: 1064nm 80-800 mj 532nm: 40-400 mj.<\/p>\n<p>&#8211; C\u00f4ng su\u1ea5t \u0111\u1ec9nh: 1064nm: 1,7GW 532nm: 0,85GW.<\/p>\n<p>&#8211; Ngu\u1ed3n \u0111i\u1ec7n: AC220V \u00b1 10 ph\u1ea7n tr\u0103m 50Hz.<\/p>\n","protected":false},"excerpt":{"rendered":"<p><strong>M\u00e1y Laser Pico Pro Tr\u1ecb N\u00e1m Sanhe<\/strong>\u00a0l\u00e0 d\u00f2ng Laser Pico th\u1ebf h\u1ec7 m\u1edbi nh\u1ea5t \u0111\u1ebfn t\u1eeb th\u01b0\u01a1ng hi\u1ec7u Sanhe, mang l\u1ea1i hi\u1ec7u qu\u1ea3 cao g\u1ea5p nhi\u1ec1u l\u1ea7n so v\u1edbi c\u00f4ng ngh\u1ec7 Q Switched, m\u00e0 gi\u00e1 th\u00e0nh v\u00f4 c\u00f9ng h\u1ee3p l\u00fd, m\u1ed9t s\u1ea3n ph\u1ea9m \u0111\u1ee9ng \u0111\u1ea7u trong li\u1ec7u tr\u00ecnh \u0111i\u1ec1u tr\u1ecb s\u1eafc t\u1ed1 cho da.<\/p>\n","protected":false},"featured_media":16020,"comment_status":"open","ping_status":"closed","template":"","meta":[],"product_cat":[78],"product_tag":[],"yoast_head":"<!-- This site is optimized with the Yoast SEO plugin v21.5 - https:\/\/yoast.com\/wordpress\/plugins\/seo\/ -->\n<title>M\u00c1Y LASER PICO PRO - WONTECH THI\u1ebeT B\u1eca SPA<\/title>\n<meta name=\"robots\" content=\"index, follow, max-snippet:-1, max-image-preview:large, max-video-preview:-1\" \/>\n<link rel=\"canonical\" href=\"https:\/\/wontechthietbispa.com\/index.php\/product\/may-laser-pico-pro-tri-nam-sanhe\/\" \/>\n<meta property=\"og:locale\" content=\"en_US\" \/>\n<meta property=\"og:type\" content=\"article\" \/>\n<meta property=\"og:title\" content=\"M\u00c1Y LASER PICO PRO - WONTECH THI\u1ebeT B\u1eca SPA\" \/>\n<meta property=\"og:description\" content=\"M\u00e1y Laser Pico Pro Tr\u1ecb N\u00e1m Sanhe\u00a0l\u00e0 d\u00f2ng Laser Pico th\u1ebf h\u1ec7 m\u1edbi nh\u1ea5t \u0111\u1ebfn t\u1eeb th\u01b0\u01a1ng hi\u1ec7u Sanhe, mang l\u1ea1i hi\u1ec7u qu\u1ea3 cao g\u1ea5p nhi\u1ec1u l\u1ea7n so v\u1edbi c\u00f4ng ngh\u1ec7 Q Switched, m\u00e0 gi\u00e1 th\u00e0nh v\u00f4 c\u00f9ng h\u1ee3p l\u00fd, m\u1ed9t s\u1ea3n ph\u1ea9m \u0111\u1ee9ng \u0111\u1ea7u trong li\u1ec7u tr\u00ecnh \u0111i\u1ec1u tr\u1ecb s\u1eafc t\u1ed1 cho da.\" \/>\n<meta property=\"og:url\" content=\"https:\/\/wontechthietbispa.com\/index.php\/product\/may-laser-pico-pro-tri-nam-sanhe\/\" \/>\n<meta property=\"og:site_name\" content=\"WONTECH THI\u1ebeT B\u1eca SPA\" \/>\n<meta property=\"article:modified_time\" content=\"2026-01-12T02:38:32+00:00\" \/>\n<meta property=\"og:image\" content=\"http:\/\/wontechthietbispa.com\/wp-content\/uploads\/2023\/11\/Untitled-1-136.png\" \/>\n\t<meta property=\"og:image:width\" content=\"700\" \/>\n\t<meta property=\"og:image:height\" content=\"800\" \/>\n\t<meta property=\"og:image:type\" content=\"image\/png\" \/>\n<meta name=\"twitter:card\" content=\"summary_large_image\" \/>\n<meta name=\"twitter:label1\" content=\"Est. reading time\" \/>\n\t<meta name=\"twitter:data1\" content=\"2 minutes\" \/>\n<script type=\"application\/ld+json\" class=\"yoast-schema-graph\">{\"@context\":\"https:\/\/schema.org\",\"@graph\":[{\"@type\":\"WebPage\",\"@id\":\"https:\/\/wontechthietbispa.com\/index.php\/product\/may-laser-pico-pro-tri-nam-sanhe\/\",\"url\":\"https:\/\/wontechthietbispa.com\/index.php\/product\/may-laser-pico-pro-tri-nam-sanhe\/\",\"name\":\"M\u00c1Y LASER PICO PRO - WONTECH THI\u1ebeT B\u1eca SPA\",\"isPartOf\":{\"@id\":\"https:\/\/wontechthietbispa.com\/#website\"},\"datePublished\":\"2023-11-29T05:24:49+00:00\",\"dateModified\":\"2026-01-12T02:38:32+00:00\",\"breadcrumb\":{\"@id\":\"https:\/\/wontechthietbispa.com\/index.php\/product\/may-laser-pico-pro-tri-nam-sanhe\/#breadcrumb\"},\"inLanguage\":\"en-US\",\"potentialAction\":[{\"@type\":\"ReadAction\",\"target\":[\"https:\/\/wontechthietbispa.com\/index.php\/product\/may-laser-pico-pro-tri-nam-sanhe\/\"]}]},{\"@type\":\"BreadcrumbList\",\"@id\":\"https:\/\/wontechthietbispa.com\/index.php\/product\/may-laser-pico-pro-tri-nam-sanhe\/#breadcrumb\",\"itemListElement\":[{\"@type\":\"ListItem\",\"position\":1,\"name\":\"Home\",\"item\":\"https:\/\/wontechthietbispa.com\/\"},{\"@type\":\"ListItem\",\"position\":2,\"name\":\"Shop\",\"item\":\"https:\/\/wontechthietbispa.com\/index.php\/shop\/\"},{\"@type\":\"ListItem\",\"position\":3,\"name\":\"M\u00c1Y LASER PICO PRO\"}]},{\"@type\":\"WebSite\",\"@id\":\"https:\/\/wontechthietbispa.com\/#website\",\"url\":\"https:\/\/wontechthietbispa.com\/\",\"name\":\"WONTECH THI\u1ebeT B\u1eca SPA\",\"description\":\"WONTECH THI\u1ebeT B\u1eca SPA\",\"potentialAction\":[{\"@type\":\"SearchAction\",\"target\":{\"@type\":\"EntryPoint\",\"urlTemplate\":\"https:\/\/wontechthietbispa.com\/?s={search_term_string}\"},\"query-input\":\"required name=search_term_string\"}],\"inLanguage\":\"en-US\"}]}<\/script>\n<!-- \/ Yoast SEO plugin. -->","yoast_head_json":{"title":"M\u00c1Y LASER PICO PRO - WONTECH THI\u1ebeT B\u1eca SPA","robots":{"index":"index","follow":"follow","max-snippet":"max-snippet:-1","max-image-preview":"max-image-preview:large","max-video-preview":"max-video-preview:-1"},"canonical":"https:\/\/wontechthietbispa.com\/index.php\/product\/may-laser-pico-pro-tri-nam-sanhe\/","og_locale":"en_US","og_type":"article","og_title":"M\u00c1Y LASER PICO PRO - WONTECH THI\u1ebeT B\u1eca SPA","og_description":"M\u00e1y Laser Pico Pro Tr\u1ecb N\u00e1m Sanhe\u00a0l\u00e0 d\u00f2ng Laser Pico th\u1ebf h\u1ec7 m\u1edbi nh\u1ea5t \u0111\u1ebfn t\u1eeb th\u01b0\u01a1ng hi\u1ec7u Sanhe, mang l\u1ea1i hi\u1ec7u qu\u1ea3 cao g\u1ea5p nhi\u1ec1u l\u1ea7n so v\u1edbi c\u00f4ng ngh\u1ec7 Q Switched, m\u00e0 gi\u00e1 th\u00e0nh v\u00f4 c\u00f9ng h\u1ee3p l\u00fd, m\u1ed9t s\u1ea3n ph\u1ea9m \u0111\u1ee9ng \u0111\u1ea7u trong li\u1ec7u tr\u00ecnh \u0111i\u1ec1u tr\u1ecb s\u1eafc t\u1ed1 cho da.","og_url":"https:\/\/wontechthietbispa.com\/index.php\/product\/may-laser-pico-pro-tri-nam-sanhe\/","og_site_name":"WONTECH THI\u1ebeT B\u1eca SPA","article_modified_time":"2026-01-12T02:38:32+00:00","og_image":[{"width":700,"height":800,"url":"http:\/\/wontechthietbispa.com\/wp-content\/uploads\/2023\/11\/Untitled-1-136.png","type":"image\/png"}],"twitter_card":"summary_large_image","twitter_misc":{"Est. reading time":"2 minutes"},"schema":{"@context":"https:\/\/schema.org","@graph":[{"@type":"WebPage","@id":"https:\/\/wontechthietbispa.com\/index.php\/product\/may-laser-pico-pro-tri-nam-sanhe\/","url":"https:\/\/wontechthietbispa.com\/index.php\/product\/may-laser-pico-pro-tri-nam-sanhe\/","name":"M\u00c1Y LASER PICO PRO - WONTECH THI\u1ebeT B\u1eca SPA","isPartOf":{"@id":"https:\/\/wontechthietbispa.com\/#website"},"datePublished":"2023-11-29T05:24:49+00:00","dateModified":"2026-01-12T02:38:32+00:00","breadcrumb":{"@id":"https:\/\/wontechthietbispa.com\/index.php\/product\/may-laser-pico-pro-tri-nam-sanhe\/#breadcrumb"},"inLanguage":"en-US","potentialAction":[{"@type":"ReadAction","target":["https:\/\/wontechthietbispa.com\/index.php\/product\/may-laser-pico-pro-tri-nam-sanhe\/"]}]},{"@type":"BreadcrumbList","@id":"https:\/\/wontechthietbispa.com\/index.php\/product\/may-laser-pico-pro-tri-nam-sanhe\/#breadcrumb","itemListElement":[{"@type":"ListItem","position":1,"name":"Home","item":"https:\/\/wontechthietbispa.com\/"},{"@type":"ListItem","position":2,"name":"Shop","item":"https:\/\/wontechthietbispa.com\/index.php\/shop\/"},{"@type":"ListItem","position":3,"name":"M\u00c1Y LASER PICO PRO"}]},{"@type":"WebSite","@id":"https:\/\/wontechthietbispa.com\/#website","url":"https:\/\/wontechthietbispa.com\/","name":"WONTECH THI\u1ebeT B\u1eca SPA","description":"WONTECH THI\u1ebeT B\u1eca SPA","potentialAction":[{"@type":"SearchAction","target":{"@type":"EntryPoint","urlTemplate":"https:\/\/wontechthietbispa.com\/?s={search_term_string}"},"query-input":"required name=search_term_string"}],"inLanguage":"en-US"}]}},"jetpack_sharing_enabled":true,"_links":{"self":[{"href":"https:\/\/wontechthietbispa.com\/index.php\/wp-json\/wp\/v2\/product\/16066"}],"collection":[{"href":"https:\/\/wontechthietbispa.com\/index.php\/wp-json\/wp\/v2\/product"}],"about":[{"href":"https:\/\/wontechthietbispa.com\/index.php\/wp-json\/wp\/v2\/types\/product"}],"replies":[{"embeddable":true,"href":"https:\/\/wontechthietbispa.com\/index.php\/wp-json\/wp\/v2\/comments?post=16066"}],"version-history":[{"count":2,"href":"https:\/\/wontechthietbispa.com\/index.php\/wp-json\/wp\/v2\/product\/16066\/revisions"}],"predecessor-version":[{"id":17077,"href":"https:\/\/wontechthietbispa.com\/index.php\/wp-json\/wp\/v2\/product\/16066\/revisions\/17077"}],"wp:featuredmedia":[{"embeddable":true,"href":"https:\/\/wontechthietbispa.com\/index.php\/wp-json\/wp\/v2\/media\/16020"}],"wp:attachment":[{"href":"https:\/\/wontechthietbispa.com\/index.php\/wp-json\/wp\/v2\/media?parent=16066"}],"wp:term":[{"taxonomy":"product_cat","embeddable":true,"href":"https:\/\/wontechthietbispa.com\/index.php\/wp-json\/wp\/v2\/product_cat?post=16066"},{"taxonomy":"product_tag","embeddable":true,"href":"https:\/\/wontechthietbispa.com\/index.php\/wp-json\/wp\/v2\/product_tag?post=16066"}],"curies":[{"name":"wp","href":"https:\/\/api.w.org\/{rel}","templated":true}]}}