{"id":16060,"date":"2023-11-29T12:16:39","date_gmt":"2023-11-29T05:16:39","guid":{"rendered":"https:\/\/wontechthietbispa.com\/?post_type=product&#038;p=16060"},"modified":"2026-01-12T09:37:47","modified_gmt":"2026-01-12T02:37:47","slug":"may-laser-truc-khuyu-picosure","status":"publish","type":"product","link":"https:\/\/wontechthietbispa.com\/index.php\/product\/may-laser-truc-khuyu-picosure\/","title":{"rendered":"M\u00c1Y LASER PICOSURE"},"content":{"rendered":"<p><strong>M\u00e1y Laser PicoSure<\/strong>\u00a0cho hi\u1ec7u qu\u1ea3 cao trong vi\u1ec7c x\u00f3a x\u0103m, x\u00f3a s\u1eb9o m\u1ee5n, tr\u1ebb h\u00f3a da, x\u00f3a b\u1edbt, m\u00e0u x\u0103m kh\u00f3 x\u00f3a, n\u00e1m, t\u00e0n nhang\u2026 M\u00e0 c\u00e1c d\u00f2ng m\u00e1y laser tr\u01b0\u1edbc kh\u00f4ng l\u00e0m \u0111\u01b0\u1ee3c v\u1edbi s\u1ed1 l\u1ea7n \u0111i\u1ec1u tr\u1ecb \u00edt h\u01a1n, hi\u1ec7u qu\u1ea3 nhanh. S\u1ea3n ph\u1ea9m \u0111\u01b0\u1ee3c nhi\u1ec1u chuy\u00ean gia b\u00e1c s\u0129 khuy\u00ean d\u00f9ng v\u00e0 \u0111ang \u0111\u01b0\u1ee3c \u1ee9ng d\u1ee5ng r\u1ed9ng r\u00e3i t\u1ea1i c\u00e1c spa, th\u1ea9m m\u1ef9 vi\u1ec7n tr\u00ean to\u00e0n qu\u1ed1c.<\/p>\n<h2><span id=\"Chuc_nang_cua_may_laser_picoway\">Ch\u1ee9c n\u0103ng c\u1ee7a m\u00e1y laser PicoSure\u00a0<\/span><\/h2>\n<ol>\n<li>X\u00f3a b\u1edbt \u0111en, \u0111\u1ecf, ch\u00e0m da Ota<\/li>\n<li>X\u00f3a x\u0103m c\u00e1c m\u00e0u: \u0110en, xanh \u0111en, \u0111\u1ecf, x\u00f3a b\u1edbt \u0111en, xanh \u0111en. \u2026<\/li>\n<li>Tr\u1ebb h\u00f3a da, gi\u00fap da tr\u01a1n l\u00e1ng, s\u00e1ng h\u01a1n v\u00e0 gi\u1ea3m b\u1ec1 m\u1eb7t s\u1ea7n s\u00f9i c\u1ee7a s\u1eb9o do m\u1ee5n tr\u1ee9ng c\u00e1.<\/li>\n<li>M\u00e1y laser tr\u1ecb n\u00e1m, t\u00e0n nhang.<\/li>\n<li>Tr\u1ebb h\u00f3a da b\u1eb1ng than carbon<\/li>\n<li>Tonning da PTP<\/li>\n<li>Thu nh\u1ecf l\u1ed7 ch\u00e2n l\u00f4ng, ki\u1ec1m d\u1ea7u t\u0103ng sinh collagen<\/li>\n<\/ol>\n<h2><span id=\"Uu_diem_cua_may_laser_picosure\">\u01afu \u0111i\u1ec3m c\u1ee7a m\u00e1y laser picosure<\/span><\/h2>\n<ol>\n<li>C\u00f4ng ngh\u1ec7 cao<br \/>\nM\u00e1y laser Picosure s\u1eed d\u1ee5ng c\u00f4ng ngh\u1ec7 t\u1ed5 ong t\u1eadp trung \u0111\u1ed9c \u0111\u00e1o \u0111\u1ec3 t\u1ea1o hi\u1ec7u \u1ee9ng tr\u00ean da h\u00fat ch\u00e2n kh\u00f4ng, c\u00f3 th\u1ec3 b\u1ea3o v\u1ec7 da kh\u1ecfi b\u1ecb h\u01b0 h\u1ea1i trong qu\u00e1 tr\u00ecnh \u0111i\u1ec1u tr\u1ecb.<\/li>\n<li>Hi\u1ec7u qu\u1ea3 nhanh ch\u00f3ng<br \/>\nM\u00e1y laser Picosecond th\u1ef1c hi\u1ec7n qu\u00e1 tr\u00ecnh \u0111i\u1ec1u tr\u1ecb x\u00f3a x\u0103m v\u00e0 s\u1eafc t\u1ed1 t\u1eeb 2 \u0111\u1ebfn 3 l\u1ea7n gi\u1ea3m xu\u1ed1ng 2-4 l\u1ea7n, gi\u1ea3m \u0111\u00e1ng k\u1ec3 th\u1eddi gian \u0111i\u1ec1u tr\u1ecb v\u00e0 ph\u1ee5c h\u1ed3i, nhanh ch\u00f3ng<\/li>\n<li>Tho\u1ea3i m\u00e1i &amp; An to\u00e0n<br \/>\nN\u00f3 c\u00f3 th\u1ec3 lo\u1ea1i b\u1ecf t\u1ea5t c\u1ea3 c\u00e1c lo\u1ea1i s\u1eafc t\u1ed1 v\u00e0 h\u00ecnh x\u0103m m\u1ed9t c\u00e1ch hi\u1ec7u qu\u1ea3 v\u00e0 an to\u00e0n, v\u00ec s\u1eed d\u1ee5ng tia laser pico \u0111\u1ecbnh v\u1ecb ch\u00ednh x\u00e1c c\u1ee7a li\u1ec7u ph\u00e1p m\u00f4 \u0111\u00edch \u0111\u1ec3 gi\u1ea3m t\u1ed5n th\u01b0\u01a1ng cho da \u0111\u1ec3 \u0111\u1ea1t \u0111\u01b0\u1ee3c<br \/>\nhi\u1ec7u qu\u1ea3 cao nh\u1ea5t<\/li>\n<li>Kh\u00f4ng c\u00f3 k\u1ebft t\u1ee7a melanin<br \/>\nTia laser Picosecond s\u1eed d\u1ee5ng c\u00e1c xung c\u1ef1c ng\u1eafn (\u0111\u1ed9 d\u00e0i m\u1ed9t ph\u1ea7n ngh\u00ecn t\u1ef7 gi\u00e2y) \u0111\u1ec3 \u0111\u00e1nh tr\u00fang melanin v\u1edbi m\u1ed9t \u00e1p l\u1ef1c l\u1edbn, melanin s\u1ebd v\u1ee1 ra th\u00e0nh c\u00e1c h\u1ea1t nh\u1ecf gi\u1ed1ng nh\u01b0 b\u1ee5i, B\u1edfi v\u00ec c\u00e1c h\u1ea1t<br \/>\nr\u1ea5t nh\u1ecf, ch\u00fang d\u1ec5 d\u00e0ng \u0111\u01b0\u1ee3c c\u01a1 th\u1ec3 h\u1ea5p th\u1ee5 v\u00e0 \u0111\u00e0o th\u1ea3i h\u01a1n.<\/li>\n<li>Tr\u1ee5c khu\u1ef7u nh\u1eadp kh\u1ea9u h\u00e0n qu\u1ed1c cho ch\u1ea5t l\u01b0\u1ee3ng tia hi\u1ec7u qu\u1ea3 ch\u00ednh x\u00e1c<\/li>\n<\/ol>\n<h2><span id=\"Thong_so_ky_thuat\">Th\u00f4ng s\u1ed1 k\u1ef9 thu\u1eadt\u00a0<\/span><\/h2>\n<ul>\n<li>C\u00f4ng ngh\u1ec7 : Q-Switched ND: Yag Laser<\/li>\n<li>B\u01b0\u1edbc s\u00f3ng : 1064nm &amp; 532nm &amp; 755nm<\/li>\n<li>\u0110\u1ed9 r\u1ed9ng xung : 5ns<\/li>\n<li>Tr\u1ee5c khu\u1ef7u : 7 kh\u1edbp nh\u1eadp kh\u1ea9u H\u00e0n Qu\u1ed1c<\/li>\n<li>Hi\u1ec3n th\u1ecb : 10.4 inch m\u00e0u s\u1eafc trung th\u1ef1c m\u00e0n h\u00ecnh c\u1ea3m \u1ee9ng<\/li>\n<li>Tia d\u1eabn \u0111\u01b0\u1eddng : c\u00f3<\/li>\n<li>T\u1ea7n s\u1ed1 : 1-10Hz<\/li>\n<li>K\u00edch th\u01b0\u1edbc \u0111i\u1ec3m : 2-10mm<\/li>\n<li>N\u0103ng L\u01b0\u1ee3ng t\u1ed1i \u0111a : 2000mj<\/li>\n<li>C\u00f4ng su\u1ea5t : 2000W<\/li>\n<li>H\u1ec7 Th\u1ed1ng l\u00e0m m\u00e1t : N\u01b0\u1edbc + gi\u00f3 l\u00e0m m\u00e1t<\/li>\n<li>T\u1ed5ng tr\u1ecdng l\u01b0\u1ee3ng : 60kg<\/li>\n<li>\u0110\u00f3ng g\u00f3i k\u00edch th\u01b0\u1edbc : 61cm * 104cm * 114cm<\/li>\n<\/ul>\n","protected":false},"excerpt":{"rendered":"<p><strong>M\u00e1y Laser Picosure<\/strong>\u00a0l\u00e0 s\u1ea3n ph\u1ea9m s\u1ed1 1 v\u1ec1 \u0111i\u1ec1u tr\u1ecb s\u1eafc t\u1ed1 da nh\u01b0 n\u00e1m ch\u00e2n s\u00e2u, t\u00e0n nhang l\u00e0 chuy\u00ean gia x\u00f3a x\u0103m kh\u00f4ng t\u1ed5n th\u01b0\u01a1ng da v\u1edbi c\u00f4ng ngh\u1ec7 pico laser ti\u00ean ti\u1ebfn<\/p>\n","protected":false},"featured_media":16061,"comment_status":"open","ping_status":"closed","template":"","meta":[],"product_cat":[78],"product_tag":[],"yoast_head":"<!-- This site is optimized with the Yoast SEO plugin v21.5 - https:\/\/yoast.com\/wordpress\/plugins\/seo\/ -->\n<title>M\u00c1Y LASER PICOSURE - WONTECH THI\u1ebeT B\u1eca SPA<\/title>\n<meta name=\"robots\" content=\"index, follow, max-snippet:-1, max-image-preview:large, max-video-preview:-1\" \/>\n<link rel=\"canonical\" href=\"https:\/\/wontechthietbispa.com\/index.php\/product\/may-laser-truc-khuyu-picosure\/\" \/>\n<meta property=\"og:locale\" content=\"en_US\" \/>\n<meta property=\"og:type\" content=\"article\" \/>\n<meta property=\"og:title\" content=\"M\u00c1Y LASER PICOSURE - WONTECH THI\u1ebeT B\u1eca SPA\" \/>\n<meta property=\"og:description\" content=\"M\u00e1y Laser Picosure\u00a0l\u00e0 s\u1ea3n ph\u1ea9m s\u1ed1 1 v\u1ec1 \u0111i\u1ec1u tr\u1ecb s\u1eafc t\u1ed1 da nh\u01b0 n\u00e1m ch\u00e2n s\u00e2u, t\u00e0n nhang l\u00e0 chuy\u00ean gia x\u00f3a x\u0103m kh\u00f4ng t\u1ed5n th\u01b0\u01a1ng da v\u1edbi c\u00f4ng ngh\u1ec7 pico laser ti\u00ean ti\u1ebfn\" \/>\n<meta property=\"og:url\" content=\"https:\/\/wontechthietbispa.com\/index.php\/product\/may-laser-truc-khuyu-picosure\/\" \/>\n<meta property=\"og:site_name\" content=\"WONTECH THI\u1ebeT B\u1eca SPA\" \/>\n<meta property=\"article:modified_time\" content=\"2026-01-12T02:37:47+00:00\" \/>\n<meta property=\"og:image\" content=\"http:\/\/wontechthietbispa.com\/wp-content\/uploads\/2023\/11\/Untitled-1-159.png\" \/>\n\t<meta property=\"og:image:width\" content=\"700\" \/>\n\t<meta property=\"og:image:height\" content=\"800\" \/>\n\t<meta property=\"og:image:type\" content=\"image\/png\" \/>\n<meta name=\"twitter:card\" content=\"summary_large_image\" \/>\n<meta name=\"twitter:label1\" content=\"Est. reading time\" \/>\n\t<meta name=\"twitter:data1\" content=\"2 minutes\" \/>\n<script type=\"application\/ld+json\" class=\"yoast-schema-graph\">{\"@context\":\"https:\/\/schema.org\",\"@graph\":[{\"@type\":\"WebPage\",\"@id\":\"https:\/\/wontechthietbispa.com\/index.php\/product\/may-laser-truc-khuyu-picosure\/\",\"url\":\"https:\/\/wontechthietbispa.com\/index.php\/product\/may-laser-truc-khuyu-picosure\/\",\"name\":\"M\u00c1Y LASER PICOSURE - WONTECH THI\u1ebeT B\u1eca SPA\",\"isPartOf\":{\"@id\":\"https:\/\/wontechthietbispa.com\/#website\"},\"datePublished\":\"2023-11-29T05:16:39+00:00\",\"dateModified\":\"2026-01-12T02:37:47+00:00\",\"breadcrumb\":{\"@id\":\"https:\/\/wontechthietbispa.com\/index.php\/product\/may-laser-truc-khuyu-picosure\/#breadcrumb\"},\"inLanguage\":\"en-US\",\"potentialAction\":[{\"@type\":\"ReadAction\",\"target\":[\"https:\/\/wontechthietbispa.com\/index.php\/product\/may-laser-truc-khuyu-picosure\/\"]}]},{\"@type\":\"BreadcrumbList\",\"@id\":\"https:\/\/wontechthietbispa.com\/index.php\/product\/may-laser-truc-khuyu-picosure\/#breadcrumb\",\"itemListElement\":[{\"@type\":\"ListItem\",\"position\":1,\"name\":\"Home\",\"item\":\"https:\/\/wontechthietbispa.com\/\"},{\"@type\":\"ListItem\",\"position\":2,\"name\":\"Shop\",\"item\":\"https:\/\/wontechthietbispa.com\/index.php\/shop\/\"},{\"@type\":\"ListItem\",\"position\":3,\"name\":\"M\u00c1Y LASER PICOSURE\"}]},{\"@type\":\"WebSite\",\"@id\":\"https:\/\/wontechthietbispa.com\/#website\",\"url\":\"https:\/\/wontechthietbispa.com\/\",\"name\":\"WONTECH THI\u1ebeT B\u1eca SPA\",\"description\":\"WONTECH THI\u1ebeT B\u1eca SPA\",\"potentialAction\":[{\"@type\":\"SearchAction\",\"target\":{\"@type\":\"EntryPoint\",\"urlTemplate\":\"https:\/\/wontechthietbispa.com\/?s={search_term_string}\"},\"query-input\":\"required name=search_term_string\"}],\"inLanguage\":\"en-US\"}]}<\/script>\n<!-- \/ Yoast SEO plugin. -->","yoast_head_json":{"title":"M\u00c1Y LASER PICOSURE - WONTECH THI\u1ebeT B\u1eca SPA","robots":{"index":"index","follow":"follow","max-snippet":"max-snippet:-1","max-image-preview":"max-image-preview:large","max-video-preview":"max-video-preview:-1"},"canonical":"https:\/\/wontechthietbispa.com\/index.php\/product\/may-laser-truc-khuyu-picosure\/","og_locale":"en_US","og_type":"article","og_title":"M\u00c1Y LASER PICOSURE - WONTECH THI\u1ebeT B\u1eca SPA","og_description":"M\u00e1y Laser Picosure\u00a0l\u00e0 s\u1ea3n ph\u1ea9m s\u1ed1 1 v\u1ec1 \u0111i\u1ec1u tr\u1ecb s\u1eafc t\u1ed1 da nh\u01b0 n\u00e1m ch\u00e2n s\u00e2u, t\u00e0n nhang l\u00e0 chuy\u00ean gia x\u00f3a x\u0103m kh\u00f4ng t\u1ed5n th\u01b0\u01a1ng da v\u1edbi c\u00f4ng ngh\u1ec7 pico laser ti\u00ean ti\u1ebfn","og_url":"https:\/\/wontechthietbispa.com\/index.php\/product\/may-laser-truc-khuyu-picosure\/","og_site_name":"WONTECH THI\u1ebeT B\u1eca SPA","article_modified_time":"2026-01-12T02:37:47+00:00","og_image":[{"width":700,"height":800,"url":"http:\/\/wontechthietbispa.com\/wp-content\/uploads\/2023\/11\/Untitled-1-159.png","type":"image\/png"}],"twitter_card":"summary_large_image","twitter_misc":{"Est. reading time":"2 minutes"},"schema":{"@context":"https:\/\/schema.org","@graph":[{"@type":"WebPage","@id":"https:\/\/wontechthietbispa.com\/index.php\/product\/may-laser-truc-khuyu-picosure\/","url":"https:\/\/wontechthietbispa.com\/index.php\/product\/may-laser-truc-khuyu-picosure\/","name":"M\u00c1Y LASER PICOSURE - WONTECH THI\u1ebeT B\u1eca SPA","isPartOf":{"@id":"https:\/\/wontechthietbispa.com\/#website"},"datePublished":"2023-11-29T05:16:39+00:00","dateModified":"2026-01-12T02:37:47+00:00","breadcrumb":{"@id":"https:\/\/wontechthietbispa.com\/index.php\/product\/may-laser-truc-khuyu-picosure\/#breadcrumb"},"inLanguage":"en-US","potentialAction":[{"@type":"ReadAction","target":["https:\/\/wontechthietbispa.com\/index.php\/product\/may-laser-truc-khuyu-picosure\/"]}]},{"@type":"BreadcrumbList","@id":"https:\/\/wontechthietbispa.com\/index.php\/product\/may-laser-truc-khuyu-picosure\/#breadcrumb","itemListElement":[{"@type":"ListItem","position":1,"name":"Home","item":"https:\/\/wontechthietbispa.com\/"},{"@type":"ListItem","position":2,"name":"Shop","item":"https:\/\/wontechthietbispa.com\/index.php\/shop\/"},{"@type":"ListItem","position":3,"name":"M\u00c1Y LASER PICOSURE"}]},{"@type":"WebSite","@id":"https:\/\/wontechthietbispa.com\/#website","url":"https:\/\/wontechthietbispa.com\/","name":"WONTECH THI\u1ebeT B\u1eca SPA","description":"WONTECH THI\u1ebeT B\u1eca SPA","potentialAction":[{"@type":"SearchAction","target":{"@type":"EntryPoint","urlTemplate":"https:\/\/wontechthietbispa.com\/?s={search_term_string}"},"query-input":"required name=search_term_string"}],"inLanguage":"en-US"}]}},"jetpack_sharing_enabled":true,"_links":{"self":[{"href":"https:\/\/wontechthietbispa.com\/index.php\/wp-json\/wp\/v2\/product\/16060"}],"collection":[{"href":"https:\/\/wontechthietbispa.com\/index.php\/wp-json\/wp\/v2\/product"}],"about":[{"href":"https:\/\/wontechthietbispa.com\/index.php\/wp-json\/wp\/v2\/types\/product"}],"replies":[{"embeddable":true,"href":"https:\/\/wontechthietbispa.com\/index.php\/wp-json\/wp\/v2\/comments?post=16060"}],"version-history":[{"count":3,"href":"https:\/\/wontechthietbispa.com\/index.php\/wp-json\/wp\/v2\/product\/16060\/revisions"}],"predecessor-version":[{"id":17079,"href":"https:\/\/wontechthietbispa.com\/index.php\/wp-json\/wp\/v2\/product\/16060\/revisions\/17079"}],"wp:featuredmedia":[{"embeddable":true,"href":"https:\/\/wontechthietbispa.com\/index.php\/wp-json\/wp\/v2\/media\/16061"}],"wp:attachment":[{"href":"https:\/\/wontechthietbispa.com\/index.php\/wp-json\/wp\/v2\/media?parent=16060"}],"wp:term":[{"taxonomy":"product_cat","embeddable":true,"href":"https:\/\/wontechthietbispa.com\/index.php\/wp-json\/wp\/v2\/product_cat?post=16060"},{"taxonomy":"product_tag","embeddable":true,"href":"https:\/\/wontechthietbispa.com\/index.php\/wp-json\/wp\/v2\/product_tag?post=16060"}],"curies":[{"name":"wp","href":"https:\/\/api.w.org\/{rel}","templated":true}]}}